Last updated on 2025-11-06 05:49:59 CET.
| Flavor | Version | Tinstall | Tcheck | Ttotal | Status | Flags |
|---|---|---|---|---|---|---|
| r-devel-linux-x86_64-debian-clang | 0.1.0 | 1.84 | 19.35 | 21.19 | NOTE | |
| r-devel-linux-x86_64-debian-gcc | 0.1.0 | 1.54 | 15.42 | 16.96 | NOTE | |
| r-devel-linux-x86_64-fedora-clang | 0.1.0 | 11.00 | 21.45 | 32.45 | OK | |
| r-devel-linux-x86_64-fedora-gcc | 0.1.0 | 27.49 | OK | |||
| r-devel-windows-x86_64 | 0.1.0 | 2.00 | 34.00 | 36.00 | OK | |
| r-patched-linux-x86_64 | 0.1.0 | 1.95 | 17.99 | 19.94 | OK | |
| r-release-linux-x86_64 | 0.1.0 | 2.13 | 17.75 | 19.88 | OK | |
| r-release-macos-arm64 | 0.1.0 | 1.00 | 14.00 | 15.00 | OK | |
| r-release-macos-x86_64 | 0.1.0 | 2.00 | 20.00 | 22.00 | OK | |
| r-release-windows-x86_64 | 0.1.0 | 3.00 | 32.00 | 35.00 | OK | |
| r-oldrel-macos-arm64 | 0.1.0 | 1.00 | 13.00 | 14.00 | NOTE | |
| r-oldrel-macos-x86_64 | 0.1.0 | 2.00 | 16.00 | 18.00 | NOTE | |
| r-oldrel-windows-x86_64 | 0.1.0 | 2.00 | 35.00 | 37.00 | NOTE |
Version: 0.1.0
Check: CRAN incoming feasibility
Result: NOTE
Maintainer: ‘Xiuwen Wang <wangxw36@mail2.sysu.edu.cn>’
No Authors@R field in DESCRIPTION.
Please add one, modifying
Authors@R: person(given = "Xiuwen",
family = "Wang",
role = c("aut", "cre"),
email = "wangxw36@mail2.sysu.edu.cn")
as necessary.
Flavors: r-devel-linux-x86_64-debian-clang, r-devel-linux-x86_64-debian-gcc
Version: 0.1.0
Check: LazyData
Result: NOTE
'LazyData' is specified without a 'data' directory
Flavors: r-oldrel-macos-arm64, r-oldrel-macos-x86_64, r-oldrel-windows-x86_64