Last updated on 2025-05-07 05:50:32 CEST.
Flavor | Version | Tinstall | Tcheck | Ttotal | Status | Flags |
---|---|---|---|---|---|---|
r-devel-linux-x86_64-debian-clang | 1.1.1 | 29.25 | 574.40 | 603.65 | OK | |
r-devel-linux-x86_64-debian-gcc | 1.1.1 | 19.43 | 388.08 | 407.51 | OK | |
r-devel-linux-x86_64-fedora-clang | 1.1.1 | 994.65 | OK | |||
r-devel-linux-x86_64-fedora-gcc | 1.1.1 | 987.98 | OK | |||
r-devel-windows-x86_64 | 1.1.1 | 29.00 | 487.00 | 516.00 | OK | |
r-patched-linux-x86_64 | 1.1.1 | 28.54 | 548.99 | 577.53 | OK | |
r-release-linux-x86_64 | 1.1.1 | 28.75 | 511.45 | 540.20 | OK | |
r-release-macos-arm64 | 1.1.1 | 307.00 | OK | |||
r-release-macos-x86_64 | 1.1.1 | 542.00 | OK | |||
r-release-windows-x86_64 | 1.1.1 | 28.00 | 488.00 | 516.00 | OK | |
r-oldrel-macos-arm64 | 1.1.1 | 251.00 | OK | |||
r-oldrel-macos-x86_64 | 1.1.1 | 430.00 | NOTE | |||
r-oldrel-windows-x86_64 | 1.1.1 | 40.00 | 635.00 | 675.00 | WARN |
Version: 1.1.1
Check: installed package size
Result: NOTE
installed size is 5.4Mb
sub-directories of 1Mb or more:
data 3.3Mb
doc 1.1Mb
Flavor: r-oldrel-macos-x86_64
Version: 1.1.1
Check: whether the namespace can be loaded with stated dependencies
Result: WARN
A namespace must be able to be loaded with just the base namespace
loaded: otherwise if the namespace gets loaded by a saved object, the
session will be unable to start.
Probably some imports need to be declared in the NAMESPACE file.
Flavor: r-oldrel-windows-x86_64