Last updated on 2025-05-08 05:51:50 CEST.
Flavor | Version | Tinstall | Tcheck | Ttotal | Status | Flags |
---|---|---|---|---|---|---|
r-devel-linux-x86_64-debian-clang | 0.7 | 2.34 | 31.70 | 34.04 | NOTE | |
r-devel-linux-x86_64-debian-gcc | 0.7 | 1.80 | 25.49 | 27.29 | NOTE | |
r-devel-linux-x86_64-fedora-clang | 0.7 | 52.90 | OK | |||
r-devel-linux-x86_64-fedora-gcc | 0.7 | 65.96 | OK | |||
r-devel-windows-x86_64 | 0.7 | 4.00 | 68.00 | 72.00 | OK | |
r-patched-linux-x86_64 | 0.7 | 2.74 | 29.50 | 32.24 | OK | |
r-release-linux-x86_64 | 0.7 | 2.29 | 30.40 | 32.69 | OK | |
r-release-macos-arm64 | 0.7 | 33.00 | OK | |||
r-release-macos-x86_64 | 0.7 | 61.00 | OK | |||
r-release-windows-x86_64 | 0.7 | 4.00 | 83.00 | 87.00 | OK | |
r-oldrel-macos-arm64 | 0.7 | 34.00 | OK | |||
r-oldrel-macos-x86_64 | 0.7 | 44.00 | OK | |||
r-oldrel-windows-x86_64 | 0.7 | 4.00 | 69.00 | 73.00 | OK |
Version: 0.7
Check: CRAN incoming feasibility
Result: NOTE
Maintainer: ‘G. Grothendieck <ggrothendieck@gmail.com>’
No Authors@R field in DESCRIPTION.
Please add one, modifying
Authors@R: person(given = "G.",
family = "Grothendieck",
role = c("aut", "cre"),
email = "ggrothendieck@gmail.com")
as necessary.
Flavors: r-devel-linux-x86_64-debian-clang, r-devel-linux-x86_64-debian-gcc