CRAN Package Check Results for Package gigg

Last updated on 2025-05-08 05:51:50 CEST.

Flavor Version Tinstall Tcheck Ttotal Status Flags
r-devel-linux-x86_64-debian-clang 0.2.1 30.20 25.25 55.45 NOTE
r-devel-linux-x86_64-debian-gcc 0.2.1 21.60 20.53 42.13 NOTE
r-devel-linux-x86_64-fedora-clang 0.2.1 95.78 NOTE
r-devel-linux-x86_64-fedora-gcc 0.2.1 112.06 NOTE
r-devel-windows-x86_64 0.2.1 36.00 71.00 107.00 NOTE
r-patched-linux-x86_64 0.2.1 29.73 23.49 53.22 NOTE
r-release-linux-x86_64 0.2.1 29.75 23.37 53.12 NOTE
r-release-macos-arm64 0.2.1 31.00 NOTE
r-release-macos-x86_64 0.2.1 49.00 NOTE
r-release-windows-x86_64 0.2.1 37.00 70.00 107.00 NOTE
r-oldrel-macos-arm64 0.2.1 30.00 NOTE
r-oldrel-macos-x86_64 0.2.1 43.00 NOTE
r-oldrel-windows-x86_64 0.2.1 43.00 77.00 120.00 NOTE

Check Details

Version: 0.2.1
Check: CRAN incoming feasibility
Result: NOTE Maintainer: ‘Michael Kleinsasser <mkleinsa@umich.edu>’ The Description field contains (2021) <arXiv:2102.10670>. Please refer to arXiv e-prints via their arXiv DOI <doi:10.48550/arXiv.YYMM.NNNNN>. Flavors: r-devel-linux-x86_64-debian-clang, r-devel-linux-x86_64-debian-gcc

Version: 0.2.1
Check: Rd files
Result: NOTE checkRd: (-1) gigg.Rd:70-77: Lost braces in \itemize; \value handles \item{}{} directly checkRd: (-1) gigg.Rd:78: Lost braces in \itemize; \value handles \item{}{} directly checkRd: (-1) gigg.Rd:79: Lost braces in \itemize; \value handles \item{}{} directly checkRd: (-1) gigg.Rd:80: Lost braces in \itemize; \value handles \item{}{} directly checkRd: (-1) gigg.Rd:81: Lost braces in \itemize; \value handles \item{}{} directly checkRd: (-1) gigg.Rd:82: Lost braces in \itemize; \value handles \item{}{} directly checkRd: (-1) gigg.Rd:83: Lost braces in \itemize; \value handles \item{}{} directly checkRd: (-1) gigg.Rd:84: Lost braces in \itemize; \value handles \item{}{} directly checkRd: (-1) gigg.Rd:85: Lost braces in \itemize; \value handles \item{}{} directly checkRd: (-1) gigg.Rd:86: Lost braces in \itemize; \value handles \item{}{} directly Flavors: r-devel-linux-x86_64-debian-clang, r-devel-linux-x86_64-debian-gcc, r-devel-linux-x86_64-fedora-clang, r-devel-linux-x86_64-fedora-gcc, r-devel-windows-x86_64, r-patched-linux-x86_64, r-release-linux-x86_64, r-release-macos-arm64, r-release-macos-x86_64, r-release-windows-x86_64, r-oldrel-macos-arm64, r-oldrel-macos-x86_64, r-oldrel-windows-x86_64