CRAN Package Check Results for Package ggnetwork

Last updated on 2025-05-07 05:50:31 CEST.

Flavor Version Tinstall Tcheck Ttotal Status Flags
r-devel-linux-x86_64-debian-clang 0.5.13 5.92 87.78 93.70 NOTE
r-devel-linux-x86_64-debian-gcc 0.5.13 3.59 62.42 66.01 NOTE
r-devel-linux-x86_64-fedora-clang 0.5.13 133.23 NOTE
r-devel-linux-x86_64-fedora-gcc 0.5.13 160.50 NOTE
r-devel-windows-x86_64 0.5.13 7.00 87.00 94.00 NOTE
r-patched-linux-x86_64 0.5.13 5.28 83.22 88.50 NOTE
r-release-linux-x86_64 0.5.13 5.47 82.87 88.34 NOTE
r-release-macos-arm64 0.5.13 43.00 OK
r-release-macos-x86_64 0.5.13 82.00 OK
r-release-windows-x86_64 0.5.13 10.00 85.00 95.00 NOTE
r-oldrel-macos-arm64 0.5.13 40.00 OK
r-oldrel-macos-x86_64 0.5.13 78.00 OK
r-oldrel-windows-x86_64 0.5.13 11.00 102.00 113.00 OK

Check Details

Version: 0.5.13
Check: Rd cross-references
Result: NOTE Found the following Rd file(s) with Rd \link{} targets missing package anchors: geom_edgetext.Rd: geom_text, geom_label geom_edgetext_repel.Rd: geom_text_repel, geom_label_repel theme_blank.Rd: theme theme_facet.Rd: theme Please provide package anchors for all Rd \link{} targets not in the package itself and the base packages. Flavors: r-devel-linux-x86_64-debian-clang, r-devel-linux-x86_64-debian-gcc, r-devel-windows-x86_64, r-patched-linux-x86_64, r-release-linux-x86_64, r-release-windows-x86_64

Version: 0.5.13
Check: dependencies in R code
Result: NOTE Namespaces in Imports field not imported from: ‘sna’ ‘utils’ All declared Imports should be used. Flavors: r-devel-linux-x86_64-fedora-clang, r-devel-linux-x86_64-fedora-gcc