CRAN Package Check Results for Package generator

Last updated on 2025-10-12 05:49:56 CEST.

Flavor Version Tinstall Tcheck Ttotal Status Flags
r-devel-linux-x86_64-debian-clang 0.1.0 1.67 22.34 24.01 OK
r-devel-linux-x86_64-debian-gcc 0.1.0 1.34 17.98 19.32 OK
r-devel-linux-x86_64-fedora-clang 0.1.0 34.10 OK
r-devel-linux-x86_64-fedora-gcc 0.1.0 31.53 OK
r-devel-windows-x86_64 0.1.0 4.00 40.00 44.00 OK
r-patched-linux-x86_64 0.1.0 1.76 19.51 21.27 OK
r-release-linux-x86_64 0.1.0 1.67 19.64 21.31 OK
r-release-macos-arm64 0.1.0 17.00 OK
r-release-macos-x86_64 0.1.0 24.00 OK
r-release-windows-x86_64 0.1.0 2.00 41.00 43.00 OK
r-oldrel-macos-arm64 0.1.0 14.00 NOTE
r-oldrel-macos-x86_64 0.1.0 22.00 NOTE
r-oldrel-windows-x86_64 0.1.0 3.00 46.00 49.00 NOTE

Check Details

Version: 0.1.0
Check: LazyData
Result: NOTE 'LazyData' is specified without a 'data' directory Flavors: r-oldrel-macos-arm64, r-oldrel-macos-x86_64, r-oldrel-windows-x86_64