Last updated on 2025-05-08 05:51:49 CEST.
Flavor | Version | Tinstall | Tcheck | Ttotal | Status | Flags |
---|---|---|---|---|---|---|
r-devel-linux-x86_64-debian-clang | 1.1.0 | 4.69 | 35.55 | 40.24 | OK | |
r-devel-linux-x86_64-debian-gcc | 1.1.0 | 3.33 | 26.40 | 29.73 | OK | |
r-devel-linux-x86_64-fedora-clang | 1.1.0 | 62.76 | NOTE | |||
r-devel-linux-x86_64-fedora-gcc | 1.1.0 | 59.23 | NOTE | |||
r-devel-windows-x86_64 | 1.1.0 | 8.00 | 61.00 | 69.00 | OK | |
r-patched-linux-x86_64 | 1.1.0 | 5.64 | 32.94 | 38.58 | OK | |
r-release-linux-x86_64 | 1.1.0 | 4.39 | 33.73 | 38.12 | OK | |
r-release-macos-arm64 | 1.1.0 | 21.00 | OK | |||
r-release-macos-x86_64 | 1.1.0 | 41.00 | OK | |||
r-release-windows-x86_64 | 1.1.0 | 8.00 | 66.00 | 74.00 | OK | |
r-oldrel-macos-arm64 | 1.1.0 | 26.00 | OK | |||
r-oldrel-macos-x86_64 | 1.1.0 | 80.00 | OK | |||
r-oldrel-windows-x86_64 | 1.1.0 | 14.00 | 78.00 | 92.00 | OK |
Version: 1.1.0
Check: compiled code
Result: NOTE
File ‘gek/libs/gek.so’:
Found no calls to: ‘R_registerRoutines’, ‘R_useDynamicSymbols’
It is good practice to register native routines and to disable symbol
search.
See ‘Writing portable packages’ in the ‘Writing R Extensions’ manual.
Flavors: r-devel-linux-x86_64-fedora-clang, r-devel-linux-x86_64-fedora-gcc