CRAN Package Check Results for Package gaussplotR

Last updated on 2025-05-07 05:50:30 CEST.

Flavor Version Tinstall Tcheck Ttotal Status Flags
r-devel-linux-x86_64-debian-clang 0.2.5 2.76 44.66 47.42 NOTE
r-devel-linux-x86_64-debian-gcc 0.2.5 2.31 32.78 35.09 NOTE
r-devel-linux-x86_64-fedora-clang 0.2.5 75.14 NOTE
r-devel-linux-x86_64-fedora-gcc 0.2.5 82.65 NOTE
r-devel-windows-x86_64 0.2.5 5.00 63.00 68.00 NOTE
r-patched-linux-x86_64 0.2.5 2.69 39.90 42.59 NOTE
r-release-linux-x86_64 0.2.5 2.94 40.18 43.12 NOTE
r-release-macos-arm64 0.2.5 48.00 NOTE
r-release-macos-x86_64 0.2.5 67.00 NOTE
r-release-windows-x86_64 0.2.5 6.00 62.00 68.00 NOTE
r-oldrel-macos-arm64 0.2.5 30.00 NOTE
r-oldrel-macos-x86_64 0.2.5 61.00 NOTE
r-oldrel-windows-x86_64 0.2.5 6.00 71.00 77.00 NOTE

Check Details

Version: 0.2.5
Check: Rd files
Result: NOTE checkRd: (-1) autofit_gaussian_2D.Rd:34: Lost braces in \itemize; \value handles \item{}{} directly checkRd: (-1) autofit_gaussian_2D.Rd:35: Lost braces in \itemize; \value handles \item{}{} directly checkRd: (-1) autofit_gaussian_2D.Rd:36-37: Lost braces in \itemize; \value handles \item{}{} directly checkRd: (-1) autofit_gaussian_2D.Rd:38-39: Lost braces in \itemize; \value handles \item{}{} directly checkRd: (-1) characterize_gaussian_fits.Rd:34-36: Lost braces in \itemize; \value handles \item{}{} directly checkRd: (-1) characterize_gaussian_fits.Rd:37-39: Lost braces in \itemize; \value handles \item{}{} directly checkRd: (-1) characterize_gaussian_fits.Rd:40-41: Lost braces in \itemize; \value handles \item{}{} directly checkRd: (-1) characterize_gaussian_fits.Rd:42-43: Lost braces in \itemize; \value handles \item{}{} directly checkRd: (-1) characterize_gaussian_fits.Rd:44-45: Lost braces in \itemize; \value handles \item{}{} directly checkRd: (-1) characterize_gaussian_fits.Rd:46-47: Lost braces in \itemize; \value handles \item{}{} directly checkRd: (-1) characterize_gaussian_fits.Rd:48-49: Lost braces in \itemize; \value handles \item{}{} directly checkRd: (-1) characterize_gaussian_fits.Rd:50-51: Lost braces in \itemize; \value handles \item{}{} directly checkRd: (-1) characterize_gaussian_fits.Rd:52-53: Lost braces in \itemize; \value handles \item{}{} directly checkRd: (-1) characterize_gaussian_fits.Rd:54-55: Lost braces in \itemize; \value handles \item{}{} directly checkRd: (-1) compare_gaussian_fits.Rd:19-21: Lost braces in \itemize; \value handles \item{}{} directly checkRd: (-1) compare_gaussian_fits.Rd:22-24: Lost braces in \itemize; \value handles \item{}{} directly checkRd: (-1) fit_gaussian_2D.Rd:57: Lost braces in \itemize; \value handles \item{}{} directly checkRd: (-1) fit_gaussian_2D.Rd:58: Lost braces in \itemize; \value handles \item{}{} directly checkRd: (-1) fit_gaussian_2D.Rd:59-60: Lost braces in \itemize; \value handles \item{}{} directly checkRd: (-1) fit_gaussian_2D.Rd:61-62: Lost braces in \itemize; \value handles \item{}{} directly Flavors: r-devel-linux-x86_64-debian-clang, r-devel-linux-x86_64-debian-gcc, r-devel-linux-x86_64-fedora-clang, r-devel-linux-x86_64-fedora-gcc, r-devel-windows-x86_64, r-patched-linux-x86_64, r-release-linux-x86_64, r-release-macos-arm64, r-release-macos-x86_64, r-release-windows-x86_64, r-oldrel-macos-arm64, r-oldrel-macos-x86_64, r-oldrel-windows-x86_64