Last updated on 2025-07-22 06:49:22 CEST.
Flavor | Version | Tinstall | Tcheck | Ttotal | Status | Flags |
---|---|---|---|---|---|---|
r-devel-linux-x86_64-debian-clang | 4.0.5 | 5.43 | 49.63 | 55.06 | NOTE | |
r-devel-linux-x86_64-debian-gcc | 4.0.5 | 4.08 | 36.80 | 40.88 | NOTE | |
r-devel-linux-x86_64-fedora-clang | 4.0.5 | 84.34 | OK | |||
r-devel-linux-x86_64-fedora-gcc | 4.0.5 | 78.96 | OK | |||
r-devel-windows-x86_64 | 4.0.5 | 8.00 | 61.00 | 69.00 | OK | |
r-patched-linux-x86_64 | 4.0.5 | 5.28 | 45.57 | 50.85 | OK | |
r-release-linux-x86_64 | 4.0.5 | 5.09 | 44.65 | 49.74 | OK | |
r-release-macos-arm64 | 4.0.5 | 29.00 | OK | |||
r-release-macos-x86_64 | 4.0.5 | 46.00 | OK | |||
r-release-windows-x86_64 | 4.0.5 | 7.00 | 61.00 | 68.00 | OK | |
r-oldrel-macos-arm64 | 4.0.5 | 27.00 | OK | |||
r-oldrel-macos-x86_64 | 4.0.5 | 40.00 | OK | |||
r-oldrel-windows-x86_64 | 4.0.5 | 10.00 | 80.00 | 90.00 | OK |
Version: 4.0.5
Check: CRAN incoming feasibility
Result: NOTE
Maintainer: ‘Somjit Roy <somjit.roy2001@gmail.com>’
No Authors@R field in DESCRIPTION.
Please add one, modifying
Authors@R: person(given = "Somjit",
family = "Roy",
role = c("aut", "cre"),
email = "somjit.roy2001@gmail.com")
as necessary.
Flavors: r-devel-linux-x86_64-debian-clang, r-devel-linux-x86_64-debian-gcc