Last updated on 2025-11-06 05:49:56 CET.
| Flavor | Version | Tinstall | Tcheck | Ttotal | Status | Flags |
|---|---|---|---|---|---|---|
| r-devel-linux-x86_64-debian-clang | 0.1.0 | 1.47 | 17.92 | 19.39 | NOTE | |
| r-devel-linux-x86_64-debian-gcc | 0.1.0 | 1.24 | 14.88 | 16.12 | NOTE | |
| r-devel-linux-x86_64-fedora-clang | 0.1.0 | 29.47 | OK | |||
| r-devel-linux-x86_64-fedora-gcc | 0.1.0 | 27.25 | OK | |||
| r-devel-windows-x86_64 | 0.1.0 | 2.00 | 33.00 | 35.00 | OK | |
| r-patched-linux-x86_64 | 0.1.0 | 1.67 | 16.85 | 18.52 | OK | |
| r-release-linux-x86_64 | 0.1.0 | 1.49 | 17.17 | 18.66 | OK | |
| r-release-macos-arm64 | 0.1.0 | 1.00 | 14.00 | 15.00 | OK | |
| r-release-macos-x86_64 | 0.1.0 | 2.00 | 22.00 | 24.00 | OK | |
| r-release-windows-x86_64 | 0.1.0 | 2.00 | 33.00 | 35.00 | OK | |
| r-oldrel-macos-arm64 | 0.1.0 | 1.00 | 13.00 | 14.00 | NOTE | |
| r-oldrel-macos-x86_64 | 0.1.0 | 2.00 | 17.00 | 19.00 | NOTE | |
| r-oldrel-windows-x86_64 | 0.1.0 | 3.00 | 33.00 | 36.00 | NOTE |
Version: 0.1.0
Check: CRAN incoming feasibility
Result: NOTE
Maintainer: ‘Eric C. Chi <ecchi1105@gmail.com>’
Package CITATION file contains call(s) to old-style citEntry(). Please
use bibentry() instead.
The Description field contains
Studer, and Baraniuk (2016) <arXiv:1411.3406>. Schemes such as Fast
Please refer to arXiv e-prints via their arXiv DOI <doi:10.48550/arXiv.YYMM.NNNNN>.
Flavors: r-devel-linux-x86_64-debian-clang, r-devel-linux-x86_64-debian-gcc
Version: 0.1.0
Check: LazyData
Result: NOTE
'LazyData' is specified without a 'data' directory
Flavors: r-oldrel-macos-arm64, r-oldrel-macos-x86_64, r-oldrel-windows-x86_64