Last updated on 2025-10-12 05:49:55 CEST.
Flavor | Version | Tinstall | Tcheck | Ttotal | Status | Flags |
---|---|---|---|---|---|---|
r-devel-linux-x86_64-debian-clang | 1.4 | 3.67 | 23.03 | 26.70 | NOTE | |
r-devel-linux-x86_64-debian-gcc | 1.4 | 2.62 | 19.28 | 21.90 | NOTE | |
r-devel-linux-x86_64-fedora-clang | 1.4 | 44.33 | OK | |||
r-devel-linux-x86_64-fedora-gcc | 1.4 | 53.18 | OK | |||
r-devel-windows-x86_64 | 1.4 | 7.00 | 43.00 | 50.00 | OK | |
r-patched-linux-x86_64 | 1.4 | 3.09 | 21.92 | 25.01 | OK | |
r-release-linux-x86_64 | 1.4 | 3.44 | 22.00 | 25.44 | OK | |
r-release-macos-arm64 | 1.4 | 27.00 | OK | |||
r-release-macos-x86_64 | 1.4 | 49.00 | OK | |||
r-release-windows-x86_64 | 1.4 | 8.00 | 45.00 | 53.00 | OK | |
r-oldrel-macos-arm64 | 1.4 | 24.00 | OK | |||
r-oldrel-macos-x86_64 | 1.4 | 37.00 | OK | |||
r-oldrel-windows-x86_64 | 1.4 | 8.00 | 50.00 | 58.00 | OK |
Version: 1.4
Check: CRAN incoming feasibility
Result: NOTE
Maintainer: ‘Yijian Huang <yhuang5@emory.edu>’
No Authors@R field in DESCRIPTION.
Please add one, modifying
Authors@R: person(given = "Yijian",
family = "Huang",
role = c("aut", "cre"),
email = "yhuang5@emory.edu")
as necessary.
Flavors: r-devel-linux-x86_64-debian-clang, r-devel-linux-x86_64-debian-gcc