Last updated on 2025-05-07 05:50:29 CEST.
Flavor | Version | Tinstall | Tcheck | Ttotal | Status | Flags |
---|---|---|---|---|---|---|
r-devel-linux-x86_64-debian-clang | 0.3.1 | 7.73 | 27.19 | 34.92 | NOTE | |
r-devel-linux-x86_64-debian-gcc | 0.3.1 | 5.69 | 21.21 | 26.90 | NOTE | |
r-devel-linux-x86_64-fedora-clang | 0.3.1 | 57.84 | OK | |||
r-devel-linux-x86_64-fedora-gcc | 0.3.1 | 70.72 | OK | |||
r-devel-windows-x86_64 | 0.3.1 | 10.00 | 49.00 | 59.00 | OK | |
r-patched-linux-x86_64 | 0.3.1 | 8.84 | 26.90 | 35.74 | OK | |
r-release-linux-x86_64 | 0.3.1 | 9.00 | 26.32 | 35.32 | OK | |
r-release-macos-arm64 | 0.3.1 | 30.00 | OK | |||
r-release-macos-x86_64 | 0.3.1 | 52.00 | OK | |||
r-release-windows-x86_64 | 0.3.1 | 10.00 | 47.00 | 57.00 | OK | |
r-oldrel-macos-arm64 | 0.3.1 | 35.00 | OK | |||
r-oldrel-macos-x86_64 | 0.3.1 | 40.00 | OK | |||
r-oldrel-windows-x86_64 | 0.3.1 | 10.00 | 54.00 | 64.00 | OK |
Version: 0.3.1
Check: CRAN incoming feasibility
Result: NOTE
Maintainer: ‘Gert Janssenswillen <gert.janssenswillen@uhasselt.be>’
The BugReports field in DESCRIPTION has
https://github.com/bupaverse/eventdataR/
which should likely be
https://github.com/bupaverse/eventdataR/issues
instead.
Flavors: r-devel-linux-x86_64-debian-clang, r-devel-linux-x86_64-debian-gcc