Last updated on 2025-05-08 05:51:48 CEST.
Flavor | Version | Tinstall | Tcheck | Ttotal | Status | Flags |
---|---|---|---|---|---|---|
r-devel-linux-x86_64-debian-clang | 5.1.8 | 8.16 | 90.79 | 98.95 | NOTE | |
r-devel-linux-x86_64-debian-gcc | 5.1.8 | 5.87 | 57.06 | 62.93 | NOTE | |
r-devel-linux-x86_64-fedora-clang | 5.1.8 | 163.44 | OK | |||
r-devel-linux-x86_64-fedora-gcc | 5.1.8 | 164.19 | OK | |||
r-devel-windows-x86_64 | 5.1.8 | 9.00 | 104.00 | 113.00 | OK | |
r-patched-linux-x86_64 | 5.1.8 | 9.71 | 82.98 | 92.69 | OK | |
r-release-linux-x86_64 | 5.1.8 | 7.70 | 84.56 | 92.26 | OK | |
r-release-macos-arm64 | 5.1.8 | 42.00 | OK | |||
r-release-macos-x86_64 | 5.1.8 | 81.00 | OK | |||
r-release-windows-x86_64 | 5.1.8 | 10.00 | 106.00 | 116.00 | OK | |
r-oldrel-macos-arm64 | 5.1.8 | 40.00 | OK | |||
r-oldrel-macos-x86_64 | 5.1.8 | 61.00 | OK | |||
r-oldrel-windows-x86_64 | 5.1.8 | 8.00 | 129.00 | 137.00 | OK |
Version: 5.1.8
Check: CRAN incoming feasibility
Result: NOTE
Maintainer: ‘Chris Fraley <fraley@u.washington.edu>’
No Authors@R field in DESCRIPTION.
Please add one, modifying
Authors@R: c(person(given = "Chris",
family = "Fraley",
role = c("aut", "cre"),
email = "fraley@u.washington.edu"),
person(given = c("Adrian", "E."),
family = "Raftery",
role = "aut"),
person(given = c("J.", "McLean"),
family = "Sloughter",
role = "aut"),
person(given = "Tilmann",
family = "Gneiting",
role = "aut"),
person(given = c("University", "of"),
family = "Washington.",
role = "aut"))
as necessary.
Flavors: r-devel-linux-x86_64-debian-clang, r-devel-linux-x86_64-debian-gcc