CRAN Package Check Results for Package egor

Last updated on 2025-05-07 05:50:29 CEST.

Flavor Version Tinstall Tcheck Ttotal Status Flags
r-devel-linux-x86_64-debian-clang 1.24.2 16.47 223.64 240.11 NOTE
r-devel-linux-x86_64-debian-gcc 1.24.2 11.17 147.65 158.82 NOTE
r-devel-linux-x86_64-fedora-clang 1.24.2 373.49 NOTE
r-devel-linux-x86_64-fedora-gcc 1.24.2 391.74 NOTE
r-devel-windows-x86_64 1.24.2 16.00 199.00 215.00 NOTE
r-patched-linux-x86_64 1.24.2 14.98 208.25 223.23 NOTE
r-release-linux-x86_64 1.24.2 14.41 208.60 223.01 NOTE
r-release-macos-arm64 1.24.2 108.00 NOTE
r-release-macos-x86_64 1.24.2 295.00 NOTE
r-release-windows-x86_64 1.24.2 17.00 198.00 215.00 NOTE
r-oldrel-macos-arm64 1.24.2 105.00 OK
r-oldrel-macos-x86_64 1.24.2 344.00 OK
r-oldrel-windows-x86_64 1.24.2 23.00 260.00 283.00 OK

Check Details

Version: 1.24.2
Check: DESCRIPTION meta-information
Result: NOTE Missing dependency on R >= 4.1.0 because package code uses the pipe |> or function shorthand \(...) syntax added in R 4.1.0. File(s) using such syntax: ‘clustered.graphs.R’ Flavors: r-devel-linux-x86_64-debian-clang, r-devel-linux-x86_64-debian-gcc, r-devel-linux-x86_64-fedora-clang, r-devel-linux-x86_64-fedora-gcc, r-devel-windows-x86_64, r-patched-linux-x86_64, r-release-linux-x86_64, r-release-macos-arm64, r-release-macos-x86_64, r-release-windows-x86_64

Version: 1.24.2
Check: Rd cross-references
Result: NOTE Found the following Rd file(s) with Rd \link{} targets missing package anchors: as_tibble.egor.Rd: tbl_svy, as_tibble, as_survey egor.Rd: as_tibble, tibble, tbl_svy rowlist.Rd: tibble Please provide package anchors for all Rd \link{} targets not in the package itself and the base packages. Flavors: r-devel-linux-x86_64-debian-clang, r-devel-linux-x86_64-debian-gcc, r-devel-windows-x86_64, r-patched-linux-x86_64, r-release-linux-x86_64, r-release-windows-x86_64