CRAN Package Check Results for Package ecolTest

Last updated on 2025-11-06 05:49:55 CET.

Flavor Version Tinstall Tcheck Ttotal Status Flags
r-devel-linux-x86_64-debian-clang 0.0.1 1.62 20.27 21.89 NOTE
r-devel-linux-x86_64-debian-gcc 0.0.1 1.40 16.41 17.81 NOTE
r-devel-linux-x86_64-fedora-clang 0.0.1 31.37 OK
r-devel-linux-x86_64-fedora-gcc 0.0.1 30.76 OK
r-devel-windows-x86_64 0.0.1 4.00 74124.00 74128.00 OK
r-patched-linux-x86_64 0.0.1 1.85 18.65 20.50 OK
r-release-linux-x86_64 0.0.1 1.68 18.73 20.41 OK
r-release-macos-arm64 0.0.1 1.00 16.00 17.00 OK
r-release-macos-x86_64 0.0.1 2.00 21.00 23.00 OK
r-release-windows-x86_64 0.0.1 2.00 38.00 40.00 OK
r-oldrel-macos-arm64 0.0.1 1.00 15.00 16.00 OK
r-oldrel-macos-x86_64 0.0.1 2.00 18.00 20.00 OK
r-oldrel-windows-x86_64 0.0.1 2.00 38.00 40.00 OK

Check Details

Version: 0.0.1
Check: CRAN incoming feasibility
Result: NOTE Maintainer: ‘Hugo Salinas <hugosal@comunidad.unam.mx>’ Package CITATION file contains call(s) to old-style personList() or as.personList(). Please use c() on person objects instead. Package CITATION file contains call(s) to old-style citEntry(). Please use bibentry() instead. Flavors: r-devel-linux-x86_64-debian-clang, r-devel-linux-x86_64-debian-gcc