CRAN Package Check Results for Package dynConfiR

Last updated on 2025-05-07 05:50:28 CEST.

Flavor Version Tinstall Tcheck Ttotal Status Flags
r-devel-linux-x86_64-debian-clang 0.0.4 28.55 106.28 134.83 NOTE
r-devel-linux-x86_64-debian-gcc 0.0.4 17.70 72.56 90.26 NOTE
r-devel-linux-x86_64-fedora-clang 0.0.4 207.66 NOTE
r-devel-linux-x86_64-fedora-gcc 0.0.4 222.80 NOTE
r-devel-windows-x86_64 0.0.4 31.00 135.00 166.00 NOTE
r-patched-linux-x86_64 0.0.4 23.32 99.12 122.44 NOTE
r-release-linux-x86_64 0.0.4 26.43 98.12 124.55 NOTE
r-release-macos-arm64 0.0.4 90.00 NOTE
r-release-macos-x86_64 0.0.4 119.00 NOTE
r-release-windows-x86_64 0.0.4 33.00 128.00 161.00 NOTE
r-oldrel-macos-arm64 0.0.4 60.00 OK
r-oldrel-macos-x86_64 0.0.4 99.00 OK
r-oldrel-windows-x86_64 0.0.4 36.00 163.00 199.00 OK

Check Details

Version: 0.0.4
Check: CRAN incoming feasibility
Result: NOTE Maintainer: ‘Sebastian Hellmann <sebastian.hellmann@ku.de>’ The BugReports field in DESCRIPTION has https://github.com/SeHellmann/dynConfiR which should likely be https://github.com/SeHellmann/dynConfiR/issues instead. Flavors: r-devel-linux-x86_64-debian-clang, r-devel-linux-x86_64-debian-gcc

Version: 0.0.4
Check: DESCRIPTION meta-information
Result: NOTE Missing dependency on R >= 4.1.0 because package code uses the pipe |> or function shorthand \(...) syntax added in R 4.1.0. File(s) using such syntax: ‘simulateRTConf.Rd’ Flavors: r-devel-linux-x86_64-debian-clang, r-devel-linux-x86_64-debian-gcc, r-devel-linux-x86_64-fedora-clang, r-devel-linux-x86_64-fedora-gcc, r-devel-windows-x86_64, r-patched-linux-x86_64, r-release-linux-x86_64, r-release-macos-arm64, r-release-macos-x86_64, r-release-windows-x86_64