Last updated on 2025-05-08 05:51:47 CEST.
Flavor | Version | Tinstall | Tcheck | Ttotal | Status | Flags |
---|---|---|---|---|---|---|
r-devel-linux-x86_64-debian-clang | 0.8.0 | 3.55 | 25.30 | 28.85 | NOTE | |
r-devel-linux-x86_64-debian-gcc | 0.8.0 | 2.60 | 19.64 | 22.24 | NOTE | |
r-devel-linux-x86_64-fedora-clang | 0.8.0 | 43.18 | NOTE | |||
r-devel-linux-x86_64-fedora-gcc | 0.8.0 | 42.23 | NOTE | |||
r-devel-windows-x86_64 | 0.8.0 | 6.00 | 52.00 | 58.00 | NOTE | |
r-patched-linux-x86_64 | 0.8.0 | 3.56 | 23.83 | 27.39 | NOTE | |
r-release-linux-x86_64 | 0.8.0 | 3.47 | 23.96 | 27.43 | NOTE | |
r-release-macos-arm64 | 0.8.0 | 24.00 | NOTE | |||
r-release-macos-x86_64 | 0.8.0 | 30.00 | NOTE | |||
r-release-windows-x86_64 | 0.8.0 | 5.00 | 53.00 | 58.00 | NOTE | |
r-oldrel-macos-arm64 | 0.8.0 | 19.00 | OK | |||
r-oldrel-macos-x86_64 | 0.8.0 | 28.00 | OK | |||
r-oldrel-windows-x86_64 | 0.8.0 | 7.00 | 60.00 | 67.00 | OK |
Version: 0.8.0
Check: CRAN incoming feasibility
Result: NOTE
Maintainer: ‘Rafael A. Irizarry <rafael_irizarry@dfci.harvard.edu>’
No Authors@R field in DESCRIPTION.
Please add one, modifying
Authors@R: c(person(given = c("Rafael", "A."),
family = "Irizarry",
role = c("aut", "cre"),
email = "rafael_irizarry@dfci.harvard.edu"),
person(given = "Amy",
family = "Gill",
role = "aut"))
as necessary.
Flavors: r-devel-linux-x86_64-debian-clang, r-devel-linux-x86_64-debian-gcc
Version: 0.8.0
Check: DESCRIPTION meta-information
Result: NOTE
Missing dependency on R >= 4.1.0 because package code uses the pipe
|> or function shorthand \(...) syntax added in R 4.1.0.
File(s) using such syntax:
‘mice_weights.Rd’
Flavors: r-devel-linux-x86_64-debian-clang, r-devel-linux-x86_64-debian-gcc, r-devel-linux-x86_64-fedora-clang, r-devel-linux-x86_64-fedora-gcc, r-devel-windows-x86_64, r-patched-linux-x86_64, r-release-linux-x86_64, r-release-macos-arm64, r-release-macos-x86_64, r-release-windows-x86_64