Last updated on 2025-05-07 05:50:28 CEST.
Flavor | Version | Tinstall | Tcheck | Ttotal | Status | Flags |
---|---|---|---|---|---|---|
r-devel-linux-x86_64-debian-clang | 0.1.0 | 1.82 | 22.09 | 23.91 | OK | |
r-devel-linux-x86_64-debian-gcc | 0.1.0 | 1.27 | 17.63 | 18.90 | OK | |
r-devel-linux-x86_64-fedora-clang | 0.1.0 | 35.18 | OK | |||
r-devel-linux-x86_64-fedora-gcc | 0.1.0 | 34.67 | OK | |||
r-devel-windows-x86_64 | 0.1.0 | 4.00 | 42.00 | 46.00 | OK | |
r-patched-linux-x86_64 | 0.1.0 | 1.80 | 20.39 | 22.19 | OK | |
r-release-linux-x86_64 | 0.1.0 | 1.54 | 19.97 | 21.51 | OK | |
r-release-macos-arm64 | 0.1.0 | 18.00 | OK | |||
r-release-macos-x86_64 | 0.1.0 | 26.00 | OK | |||
r-release-windows-x86_64 | 0.1.0 | 4.00 | 42.00 | 46.00 | OK | |
r-oldrel-macos-arm64 | 0.1.0 | 16.00 | NOTE | |||
r-oldrel-macos-x86_64 | 0.1.0 | 23.00 | NOTE | |||
r-oldrel-windows-x86_64 | 0.1.0 | 3.00 | 46.00 | 49.00 | NOTE |
Version: 0.1.0
Check: LazyData
Result: NOTE
'LazyData' is specified without a 'data' directory
Flavors: r-oldrel-macos-arm64, r-oldrel-macos-x86_64, r-oldrel-windows-x86_64