Last updated on 2025-05-07 05:50:28 CEST.
Flavor | Version | Tinstall | Tcheck | Ttotal | Status | Flags |
---|---|---|---|---|---|---|
r-devel-linux-x86_64-debian-clang | 0.3.5 | 9.38 | 143.41 | 152.79 | NOTE | |
r-devel-linux-x86_64-debian-gcc | 0.3.5 | 6.36 | 106.70 | 113.06 | NOTE | |
r-devel-linux-x86_64-fedora-clang | 0.3.5 | 241.88 | NOTE | |||
r-devel-linux-x86_64-fedora-gcc | 0.3.5 | 240.91 | NOTE | |||
r-devel-windows-x86_64 | 0.3.5 | 10.00 | 148.00 | 158.00 | NOTE | |
r-patched-linux-x86_64 | 0.3.5 | 9.07 | 132.42 | 141.49 | NOTE | |
r-release-linux-x86_64 | 0.3.5 | 8.49 | 136.90 | 145.39 | NOTE | |
r-release-macos-arm64 | 0.3.5 | 89.00 | NOTE | |||
r-release-macos-x86_64 | 0.3.5 | 149.00 | NOTE | |||
r-release-windows-x86_64 | 0.3.5 | 12.00 | 156.00 | 168.00 | NOTE | |
r-oldrel-macos-arm64 | 0.3.5 | 91.00 | NOTE | |||
r-oldrel-macos-x86_64 | 0.3.5 | 178.00 | NOTE | |||
r-oldrel-windows-x86_64 | 0.3.5 | 13.00 | 188.00 | 201.00 | NOTE |
Version: 0.3.5
Check: package subdirectories
Result: NOTE
Problems with news in ‘NEWS.md’:
No news entries found.
Flavors: r-devel-linux-x86_64-debian-clang, r-devel-linux-x86_64-debian-gcc, r-devel-linux-x86_64-fedora-clang, r-devel-linux-x86_64-fedora-gcc, r-devel-windows-x86_64, r-patched-linux-x86_64, r-release-linux-x86_64, r-release-macos-arm64, r-release-macos-x86_64, r-release-windows-x86_64, r-oldrel-macos-arm64, r-oldrel-macos-x86_64, r-oldrel-windows-x86_64
Version: 0.3.5
Check: Rd files
Result: NOTE
checkRd: (-1) dnr.Rd:12: Escaped LaTeX specials: \#
Flavors: r-devel-linux-x86_64-debian-clang, r-devel-linux-x86_64-debian-gcc, r-devel-linux-x86_64-fedora-clang, r-devel-linux-x86_64-fedora-gcc, r-devel-windows-x86_64, r-patched-linux-x86_64, r-release-linux-x86_64, r-release-macos-arm64, r-release-macos-x86_64, r-release-windows-x86_64, r-oldrel-macos-arm64, r-oldrel-macos-x86_64, r-oldrel-windows-x86_64