Last updated on 2025-05-08 05:51:47 CEST.
Flavor | Version | Tinstall | Tcheck | Ttotal | Status | Flags |
---|---|---|---|---|---|---|
r-devel-linux-x86_64-debian-clang | 0.1.0 | 2.84 | 29.72 | 32.56 | NOTE | |
r-devel-linux-x86_64-debian-gcc | 0.1.0 | 1.73 | 22.28 | 24.01 | NOTE | |
r-devel-linux-x86_64-fedora-clang | 0.1.0 | 49.65 | OK | |||
r-devel-linux-x86_64-fedora-gcc | 0.1.0 | 48.37 | OK | |||
r-devel-windows-x86_64 | 0.1.0 | 5.00 | 60.00 | 65.00 | OK | |
r-patched-linux-x86_64 | 0.1.0 | 3.12 | 27.87 | 30.99 | OK | |
r-release-linux-x86_64 | 0.1.0 | 1.94 | 27.99 | 29.93 | OK | |
r-release-macos-arm64 | 0.1.0 | 30.00 | OK | |||
r-release-macos-x86_64 | 0.1.0 | 39.00 | OK | |||
r-release-windows-x86_64 | 0.1.0 | 4.00 | 60.00 | 64.00 | OK | |
r-oldrel-macos-arm64 | 0.1.0 | 21.00 | OK | |||
r-oldrel-macos-x86_64 | 0.1.0 | 31.00 | OK | |||
r-oldrel-windows-x86_64 | 0.1.0 | 5.00 | 63.00 | 68.00 | OK |
Version: 0.1.0
Check: CRAN incoming feasibility
Result: NOTE
Maintainer: ‘René Schulenberg <reneschulenberg@gmail.com>’
No Authors@R field in DESCRIPTION.
Please add one, modifying
Authors@R: person(given = "René",
family = "Schulenberg",
role = c("aut", "cre"),
email = "reneschulenberg@gmail.com")
as necessary.
Flavors: r-devel-linux-x86_64-debian-clang, r-devel-linux-x86_64-debian-gcc