CRAN Package Check Results for Package diagL1

Last updated on 2025-05-08 05:51:46 CEST.

Flavor Version Tinstall Tcheck Ttotal Status Flags
r-devel-linux-x86_64-debian-clang 1.0.0 10.30 81.20 91.50 NOTE
r-devel-linux-x86_64-debian-gcc 1.0.0 6.68 59.35 66.03 NOTE
r-devel-linux-x86_64-fedora-clang 1.0.0 141.82 OK
r-devel-linux-x86_64-fedora-gcc 1.0.0 136.26 OK
r-devel-windows-x86_64 1.0.0 14.00 101.00 115.00 NOTE
r-patched-linux-x86_64 1.0.0 10.59 76.53 87.12 NOTE
r-release-linux-x86_64 1.0.0 10.79 76.36 87.15 NOTE
r-release-macos-arm64 1.0.0 45.00 OK
r-release-macos-x86_64 1.0.0 102.00 OK
r-release-windows-x86_64 1.0.0 12.00 98.00 110.00 NOTE
r-oldrel-macos-arm64 1.0.0 40.00 OK
r-oldrel-macos-x86_64 1.0.0 63.00 OK
r-oldrel-windows-x86_64 1.0.0 15.00 119.00 134.00 OK

Check Details

Version: 1.0.0
Check: Rd cross-references
Result: NOTE Found the following Rd file(s) with Rd \link{} targets missing package anchors: class_to_regL1.Rd: rq class_to_rq.Rd: rq forwardSearch_regL1.Rd: lmsreg, rq, rq.fit.br, rq.fit.fnb regL1.Rd: rq, rq.fit.br, rq.fit.fnb regL1_het.Rd: rq, rq.fit.br, rq.fit.fnb summary.regL1.Rd: summary.rq, boot.rq Please provide package anchors for all Rd \link{} targets not in the package itself and the base packages. Flavors: r-devel-linux-x86_64-debian-clang, r-devel-linux-x86_64-debian-gcc, r-devel-windows-x86_64, r-patched-linux-x86_64, r-release-linux-x86_64, r-release-windows-x86_64