Last updated on 2025-05-08 05:51:46 CEST.
Flavor | Version | Tinstall | Tcheck | Ttotal | Status | Flags |
---|---|---|---|---|---|---|
r-devel-linux-x86_64-debian-clang | 1.5-0 | 10.26 | 97.96 | 108.22 | NOTE | |
r-devel-linux-x86_64-debian-gcc | 1.5-0 | 6.55 | 66.90 | 73.45 | NOTE | |
r-devel-linux-x86_64-fedora-clang | 1.5-0 | 175.85 | NOTE | |||
r-devel-linux-x86_64-fedora-gcc | 1.5-0 | 186.62 | NOTE | |||
r-devel-windows-x86_64 | 1.5-0 | 12.00 | 146.00 | 158.00 | NOTE | |
r-patched-linux-x86_64 | 1.5-0 | 10.20 | 93.86 | 104.06 | NOTE | |
r-release-linux-x86_64 | 1.5-0 | 9.38 | 94.82 | 104.20 | NOTE | |
r-release-macos-arm64 | 1.5-0 | 68.00 | NOTE | |||
r-release-macos-x86_64 | 1.5-0 | 160.00 | NOTE | |||
r-release-windows-x86_64 | 1.5-0 | 13.00 | 145.00 | 158.00 | NOTE | |
r-oldrel-macos-arm64 | 1.5-0 | 55.00 | NOTE | |||
r-oldrel-macos-x86_64 | 1.5-0 | 124.00 | NOTE | |||
r-oldrel-windows-x86_64 | 1.5-0 | 15.00 | 164.00 | 179.00 | NOTE |
Version: 1.5-0
Check: CRAN incoming feasibility
Result: NOTE
Maintainer: ‘Ingmar Visser <i.visser@uva.nl>’
No Authors@R field in DESCRIPTION.
Please add one, modifying
Authors@R: c(person(given = "Ingmar",
family = "Visser",
role = c("aut", "cre"),
email = "i.visser@uva.nl"),
person(given = "Maarten",
family = "Speekenbrink",
role = "aut",
email = "m.speekenbrink@ucl.ac.uk"))
as necessary.
Package CITATION file contains call(s) to old-style personList() or
as.personList(). Please use c() on person objects instead.
Package CITATION file contains call(s) to old-style citEntry(). Please
use bibentry() instead.
Flavors: r-devel-linux-x86_64-debian-clang, r-devel-linux-x86_64-debian-gcc
Version: 1.5-0
Check: Rd files
Result: NOTE
checkRd: (-1) responses.Rd:68: Lost braces
68 | response. See code{\link{makeDepmix}} for an example of how to use
| ^
Flavors: r-devel-linux-x86_64-debian-clang, r-devel-linux-x86_64-debian-gcc, r-devel-linux-x86_64-fedora-clang, r-devel-linux-x86_64-fedora-gcc, r-devel-windows-x86_64, r-patched-linux-x86_64, r-release-linux-x86_64, r-release-macos-arm64, r-release-macos-x86_64, r-release-windows-x86_64, r-oldrel-macos-arm64, r-oldrel-macos-x86_64, r-oldrel-windows-x86_64
Version: 1.5-0
Check: Rd cross-references
Result: NOTE
Found the following Rd file(s) with Rd \link{} targets missing package
anchors:
depmix.fit.Rd: solnp
response-classes.Rd: nnet
vcov.Rd: nlme
Please provide package anchors for all Rd \link{} targets not in the
package itself and the base packages.
Flavors: r-devel-linux-x86_64-debian-clang, r-devel-linux-x86_64-debian-gcc, r-devel-windows-x86_64, r-patched-linux-x86_64, r-release-linux-x86_64, r-release-windows-x86_64
Version: 1.5-0
Check: package dependencies
Result: NOTE
Package suggested but not available for checking: ‘Rdonlp2’
Flavors: r-oldrel-macos-arm64, r-oldrel-macos-x86_64, r-oldrel-windows-x86_64