Last updated on 2025-05-07 05:50:28 CEST.
Flavor | Version | Tinstall | Tcheck | Ttotal | Status | Flags |
---|---|---|---|---|---|---|
r-devel-linux-x86_64-debian-clang | 0.2.0 | 10.25 | 95.91 | 106.16 | OK | |
r-devel-linux-x86_64-debian-gcc | 0.2.0 | 6.64 | 68.59 | 75.23 | OK | |
r-devel-linux-x86_64-fedora-clang | 0.2.0 | 174.51 | OK | |||
r-devel-linux-x86_64-fedora-gcc | 0.2.0 | 170.75 | OK | |||
r-devel-windows-x86_64 | 0.2.0 | 11.00 | 120.00 | 131.00 | OK | |
r-patched-linux-x86_64 | 0.2.0 | 8.93 | 89.47 | 98.40 | OK | |
r-release-linux-x86_64 | 0.2.0 | 6.96 | 88.83 | 95.79 | OK | |
r-release-macos-arm64 | 0.2.0 | 64.00 | OK | |||
r-release-macos-x86_64 | 0.2.0 | 103.00 | OK | |||
r-release-windows-x86_64 | 0.2.0 | 14.00 | 112.00 | 126.00 | OK | |
r-oldrel-macos-arm64 | 0.2.0 | 67.00 | NOTE | |||
r-oldrel-macos-x86_64 | 0.2.0 | 105.00 | NOTE | |||
r-oldrel-windows-x86_64 | 0.2.0 | 16.00 | 140.00 | 156.00 | NOTE |
Version: 0.2.0
Check: package dependencies
Result: NOTE
Packages suggested but not available for checking: 'bGMYC', 'splits'
Flavors: r-oldrel-macos-arm64, r-oldrel-macos-x86_64, r-oldrel-windows-x86_64
Version: 0.2.0
Check: Rd cross-references
Result: NOTE
Packages unavailable to check Rd xrefs: ‘bGMYC’, ‘splits’
Flavors: r-oldrel-macos-arm64, r-oldrel-macos-x86_64, r-oldrel-windows-x86_64