Last updated on 2025-05-07 05:50:28 CEST.
Flavor | Version | Tinstall | Tcheck | Ttotal | Status | Flags |
---|---|---|---|---|---|---|
r-devel-linux-x86_64-debian-clang | 1.0.0 | 1.46 | 17.47 | 18.93 | NOTE | |
r-devel-linux-x86_64-debian-gcc | 1.0.0 | 1.37 | 14.61 | 15.98 | NOTE | |
r-devel-linux-x86_64-fedora-clang | 1.0.0 | 29.71 | OK | |||
r-devel-linux-x86_64-fedora-gcc | 1.0.0 | 28.77 | OK | |||
r-devel-windows-x86_64 | 1.0.0 | 3.00 | 39.00 | 42.00 | OK | |
r-patched-linux-x86_64 | 1.0.0 | 1.59 | 16.93 | 18.52 | OK | |
r-release-linux-x86_64 | 1.0.0 | 1.39 | 16.56 | 17.95 | OK | |
r-release-macos-arm64 | 1.0.0 | 15.00 | OK | |||
r-release-macos-x86_64 | 1.0.0 | 24.00 | OK | |||
r-release-windows-x86_64 | 1.0.0 | 3.00 | 39.00 | 42.00 | OK | |
r-oldrel-macos-arm64 | 1.0.0 | 14.00 | NOTE | |||
r-oldrel-macos-x86_64 | 1.0.0 | 21.00 | NOTE | |||
r-oldrel-windows-x86_64 | 1.0.0 | 3.00 | 41.00 | 44.00 | NOTE |
Version: 1.0.0
Check: CRAN incoming feasibility
Result: NOTE
Maintainer: ‘Nick Golding <nick.golding.research@gmail.com>’
No Authors@R field in DESCRIPTION.
Please add one, modifying
Authors@R: person(given = "Nick",
family = "Golding",
role = c("aut", "cre"),
email = "nick.golding.research@gmail.com")
as necessary.
Flavors: r-devel-linux-x86_64-debian-clang, r-devel-linux-x86_64-debian-gcc
Version: 1.0.0
Check: LazyData
Result: NOTE
'LazyData' is specified without a 'data' directory
Flavors: r-oldrel-macos-arm64, r-oldrel-macos-x86_64, r-oldrel-windows-x86_64