Last updated on 2025-05-08 05:51:46 CEST.
Flavor | Version | Tinstall | Tcheck | Ttotal | Status | Flags |
---|---|---|---|---|---|---|
r-devel-linux-x86_64-debian-clang | 2.0.1 | 13.99 | 23.25 | 37.24 | NOTE | |
r-devel-linux-x86_64-debian-gcc | 2.0.1 | 9.83 | 18.64 | 28.47 | NOTE | |
r-devel-linux-x86_64-fedora-clang | 2.0.1 | 64.00 | OK | |||
r-devel-linux-x86_64-fedora-gcc | 2.0.1 | 64.56 | OK | |||
r-devel-windows-x86_64 | 2.0.1 | 17.00 | 57.00 | 74.00 | OK | |
r-patched-linux-x86_64 | 2.0.1 | 14.09 | 22.38 | 36.47 | OK | |
r-release-linux-x86_64 | 2.0.1 | 14.97 | 22.27 | 37.24 | OK | |
r-release-macos-arm64 | 2.0.1 | 22.00 | OK | |||
r-release-macos-x86_64 | 2.0.1 | 37.00 | OK | |||
r-release-windows-x86_64 | 2.0.1 | 17.00 | 61.00 | 78.00 | OK | |
r-oldrel-macos-arm64 | 2.0.1 | 22.00 | OK | |||
r-oldrel-macos-x86_64 | 2.0.1 | 34.00 | OK | |||
r-oldrel-windows-x86_64 | 2.0.1 | 16.00 | 69.00 | 85.00 | OK |
Version: 2.0.1
Check: CRAN incoming feasibility
Result: NOTE
Maintainer: ‘Ningning Xu <ningningxu312@gmail.com>’
No Authors@R field in DESCRIPTION.
Please add one, modifying
Authors@R: person(given = "Ningning",
family = "Xu",
role = c("aut", "cre"),
email = "ningningxu312@gmail.com")
as necessary.
Flavors: r-devel-linux-x86_64-debian-clang, r-devel-linux-x86_64-debian-gcc