Last updated on 2025-05-08 05:51:46 CEST.
Flavor | Version | Tinstall | Tcheck | Ttotal | Status | Flags |
---|---|---|---|---|---|---|
r-devel-linux-x86_64-debian-clang | 1.1.3 | 1.65 | 18.97 | 20.62 | NOTE | |
r-devel-linux-x86_64-debian-gcc | 1.1.3 | 1.49 | 15.02 | 16.51 | NOTE | |
r-devel-linux-x86_64-fedora-clang | 1.1.3 | 31.74 | OK | |||
r-devel-linux-x86_64-fedora-gcc | 1.1.3 | 29.86 | OK | |||
r-devel-windows-x86_64 | 1.1.3 | 2.00 | 40.00 | 42.00 | OK | |
r-patched-linux-x86_64 | 1.1.3 | 1.64 | 18.29 | 19.93 | OK | |
r-release-linux-x86_64 | 1.1.3 | 1.78 | 17.81 | 19.59 | OK | |
r-release-macos-arm64 | 1.1.3 | 15.00 | OK | |||
r-release-macos-x86_64 | 1.1.3 | 23.00 | OK | |||
r-release-windows-x86_64 | 1.1.3 | 3.00 | 43.00 | 46.00 | OK | |
r-oldrel-macos-arm64 | 1.1.3 | 15.00 | OK | |||
r-oldrel-macos-x86_64 | 1.1.3 | 22.00 | OK | |||
r-oldrel-windows-x86_64 | 1.1.3 | 2.00 | 42.00 | 44.00 | OK |
Version: 1.1.3
Check: CRAN incoming feasibility
Result: NOTE
Maintainer: ‘Dmitry Pavlyuk <Dmitry.V.Pavlyuk@gmail.com>’
No Authors@R field in DESCRIPTION.
Please add one, modifying
Authors@R: c(person(given = "Dmitry",
family = "Pavlyuk",
role = c("aut", "cre"),
email = "dmitry.v.pavlyuk@gmail.com"),
person(given = "Eugene",
family = "Girtcius",
role = "aut"))
as necessary.
Flavors: r-devel-linux-x86_64-debian-clang, r-devel-linux-x86_64-debian-gcc