CRAN Package Check Results for Package contoureR

Last updated on 2025-05-07 05:50:27 CEST.

Flavor Version Tinstall Tcheck Ttotal Status Flags
r-devel-linux-x86_64-debian-clang 1.0.5 18.96 29.29 48.25 NOTE
r-devel-linux-x86_64-debian-gcc 1.0.5 13.95 22.49 36.44 NOTE
r-devel-linux-x86_64-fedora-clang 1.0.5 87.95 NOTE
r-devel-linux-x86_64-fedora-gcc 1.0.5 85.22 NOTE
r-devel-windows-x86_64 1.0.5 25.00 66.00 91.00 NOTE
r-patched-linux-x86_64 1.0.5 18.11 27.36 45.47 NOTE
r-release-linux-x86_64 1.0.5 20.01 27.68 47.69 NOTE
r-release-macos-arm64 1.0.5 28.00 NOTE
r-release-macos-x86_64 1.0.5 42.00 NOTE
r-release-windows-x86_64 1.0.5 25.00 64.00 89.00 NOTE
r-oldrel-macos-arm64 1.0.5 29.00 NOTE
r-oldrel-macos-x86_64 1.0.5 36.00 NOTE
r-oldrel-windows-x86_64 1.0.5 29.00 77.00 106.00 NOTE

Check Details

Version: 1.0.5
Check: CRAN incoming feasibility
Result: NOTE Maintainer: ‘Nicholas Hamilton <n.hamilton@unsw.edu.au>’ No Authors@R field in DESCRIPTION. Please add one, modifying Authors@R: person(given = "Nicholas", family = "Hamilton", role = c("aut", "cre"), email = "n.hamilton@unsw.edu.au") as necessary. Flavors: r-devel-linux-x86_64-debian-clang, r-devel-linux-x86_64-debian-gcc

Version: 1.0.5
Check: C++ specification
Result: NOTE Specified C++11: please drop specification unless essential Flavors: r-devel-linux-x86_64-debian-clang, r-devel-linux-x86_64-debian-gcc, r-devel-linux-x86_64-fedora-clang, r-devel-linux-x86_64-fedora-gcc, r-devel-windows-x86_64, r-patched-linux-x86_64, r-release-linux-x86_64, r-release-macos-arm64, r-release-macos-x86_64, r-release-windows-x86_64, r-oldrel-macos-arm64, r-oldrel-macos-x86_64, r-oldrel-windows-x86_64

Version: 1.0.5
Check: Rd files
Result: NOTE checkRd: (-1) getConvexHull.Rd:28: Lost braces in \itemize; meant \describe ? checkRd: (-1) getConvexHull.Rd:29: Lost braces in \itemize; meant \describe ? checkRd: (-1) getConvexHull.Rd:30: Lost braces in \itemize; meant \describe ? Flavors: r-devel-linux-x86_64-debian-clang, r-devel-linux-x86_64-debian-gcc, r-devel-linux-x86_64-fedora-clang, r-devel-linux-x86_64-fedora-gcc, r-devel-windows-x86_64, r-patched-linux-x86_64, r-release-linux-x86_64, r-release-macos-arm64, r-release-macos-x86_64, r-release-windows-x86_64, r-oldrel-macos-arm64, r-oldrel-macos-x86_64, r-oldrel-windows-x86_64

Version: 1.0.5
Check: compiled code
Result: NOTE File ‘contoureR/libs/contoureR.so’: Found no calls to: ‘R_registerRoutines’, ‘R_useDynamicSymbols’ It is good practice to register native routines and to disable symbol search. See ‘Writing portable packages’ in the ‘Writing R Extensions’ manual. Flavors: r-devel-linux-x86_64-fedora-clang, r-devel-linux-x86_64-fedora-gcc