Last updated on 2025-11-06 05:49:51 CET.
| Flavor | Version | Tinstall | Tcheck | Ttotal | Status | Flags |
|---|---|---|---|---|---|---|
| r-devel-linux-x86_64-debian-clang | 0.1.0 | 2.89 | 29.53 | 32.42 | NOTE | |
| r-devel-linux-x86_64-debian-gcc | 0.1.0 | 2.20 | 21.83 | 24.03 | NOTE | |
| r-devel-linux-x86_64-fedora-clang | 0.1.0 | 49.67 | NOTE | |||
| r-devel-linux-x86_64-fedora-gcc | 0.1.0 | 16.00 | 34.42 | 50.42 | NOTE | |
| r-devel-windows-x86_64 | 0.1.0 | 5.00 | 48.00 | 53.00 | NOTE | |
| r-patched-linux-x86_64 | 0.1.0 | 3.15 | 27.89 | 31.04 | NOTE | |
| r-release-linux-x86_64 | 0.1.0 | 2.76 | 27.62 | 30.38 | NOTE | |
| r-release-macos-arm64 | 0.1.0 | 1.00 | 16.00 | 17.00 | NOTE | |
| r-release-macos-x86_64 | 0.1.0 | 4.00 | 43.00 | 47.00 | NOTE | |
| r-release-windows-x86_64 | 0.1.0 | 5.00 | 52.00 | 57.00 | NOTE | |
| r-oldrel-macos-arm64 | 0.1.0 | 1.00 | 22.00 | 23.00 | NOTE | |
| r-oldrel-macos-x86_64 | 0.1.0 | 3.00 | 38.00 | 41.00 | NOTE | |
| r-oldrel-windows-x86_64 | 0.1.0 | 3.00 | 47.00 | 50.00 | NOTE |
Version: 0.1.0
Check: CRAN incoming feasibility
Result: NOTE
Maintainer: ‘Matthew T. Pratola <mpratola@stat.osu.edu>’
No Authors@R field in DESCRIPTION.
Please add one, modifying
Authors@R: person(given = c("Matthew", "T."),
family = "Pratola",
role = c("aut", "cre", "cph"),
email = "mpratola@stat.osu.edu")
as necessary.
Flavors: r-devel-linux-x86_64-debian-clang, r-devel-linux-x86_64-debian-gcc
Version: 0.1.0
Check: Rd files
Result: NOTE
checkRd: (-1) gp.realize.Rd:20: Lost braces; missing escapes or markup?
20 | The list \code{l.v} is created by \code{makedistlist()} from a {n x p} design matrix on which to generate the unconditional GP realization. The correlation parameters take on values in \code{(0,1)} and use the Gaussian correlation model, calculated as \code{rho^d(xi,xj)^2}. This helper function is used to create the demonstration data used in the example for \code{calibrate()}.
| ^
Flavors: r-devel-linux-x86_64-debian-clang, r-devel-linux-x86_64-debian-gcc, r-devel-linux-x86_64-fedora-clang, r-devel-linux-x86_64-fedora-gcc, r-devel-windows-x86_64, r-patched-linux-x86_64, r-release-linux-x86_64, r-release-macos-arm64, r-release-macos-x86_64, r-release-windows-x86_64, r-oldrel-macos-arm64, r-oldrel-macos-x86_64, r-oldrel-windows-x86_64
Version: 0.1.0
Check: LazyData
Result: NOTE
'LazyData' is specified without a 'data' directory
Flavors: r-oldrel-macos-arm64, r-oldrel-macos-x86_64, r-oldrel-windows-x86_64