CRAN Package Check Results for Package cheddar

Last updated on 2025-11-06 05:49:50 CET.

Flavor Version Tinstall Tcheck Ttotal Status Flags
r-devel-linux-x86_64-debian-clang 0.1-639 11.97 144.35 156.32 NOTE
r-devel-linux-x86_64-debian-gcc 0.1-639 9.04 100.76 109.80 NOTE
r-devel-linux-x86_64-fedora-clang 0.1-639 32.00 206.34 238.34 OK
r-devel-linux-x86_64-fedora-gcc 0.1-639 52.00 206.88 258.88 OK
r-devel-windows-x86_64 0.1-639 17.00 226.00 243.00 OK
r-patched-linux-x86_64 0.1-639 14.14 138.16 152.30 OK
r-release-linux-x86_64 0.1-639 11.89 137.28 149.17 OK
r-release-macos-arm64 0.1-639 7.00 73.00 80.00 OK
r-release-macos-x86_64 0.1-639 18.00 160.00 178.00 OK
r-release-windows-x86_64 0.1-639 16.00 221.00 237.00 OK
r-oldrel-macos-arm64 0.1-639 6.00 73.00 79.00 OK
r-oldrel-macos-x86_64 0.1-639 17.00 262.00 279.00 OK
r-oldrel-windows-x86_64 0.1-639 23.00 235.00 258.00 OK

Check Details

Version: 0.1-639
Check: CRAN incoming feasibility
Result: NOTE Maintainer: ‘Lawrence Hudson <quicklizard@googlemail.com>’ No Authors@R field in DESCRIPTION. Please add one, modifying Authors@R: c(person(given = c("Lawrence", "Hudson", "with", "contributions", "from", "Dan"), family = "Reuman", role = "aut"), person(given = "Rob", family = "Emerson", role = "aut"), person(given = "Lawrence", family = "Hudson", role = "cre", email = "quicklizard@googlemail.com")) as necessary. Flavors: r-devel-linux-x86_64-debian-clang, r-devel-linux-x86_64-debian-gcc