Last updated on 2025-10-12 05:49:50 CEST.
Flavor | Version | Tinstall | Tcheck | Ttotal | Status | Flags |
---|---|---|---|---|---|---|
r-devel-linux-x86_64-debian-clang | 0.5-38 | 5.85 | 85.80 | 91.65 | NOTE | |
r-devel-linux-x86_64-debian-gcc | 0.5-38 | 3.69 | 58.93 | 62.62 | NOTE | |
r-devel-linux-x86_64-fedora-clang | 0.5-38 | 107.75 | OK | |||
r-devel-linux-x86_64-fedora-gcc | 0.5-38 | 152.88 | OK | |||
r-devel-windows-x86_64 | 0.5-38 | 6.00 | 114.00 | 120.00 | OK | |
r-patched-linux-x86_64 | 0.5-38 | 5.41 | 80.31 | 85.72 | OK | |
r-release-linux-x86_64 | 0.5-38 | 5.54 | 80.54 | 86.08 | OK | |
r-release-macos-arm64 | 0.5-38 | 57.00 | OK | |||
r-release-macos-x86_64 | 0.5-38 | 135.00 | OK | |||
r-release-windows-x86_64 | 0.5-38 | 7.00 | 116.00 | 123.00 | OK | |
r-oldrel-macos-arm64 | 0.5-38 | 62.00 | OK | |||
r-oldrel-macos-x86_64 | 0.5-38 | 85.00 | OK | |||
r-oldrel-windows-x86_64 | 0.5-38 | 9.00 | 133.00 | 142.00 | OK |
Version: 0.5-38
Check: CRAN incoming feasibility
Result: NOTE
Maintainer: ‘Arne Henningsen <arne.henningsen@gmail.com>’
No Authors@R field in DESCRIPTION.
Please add one, modifying
Authors@R: person(given = "Arne",
family = "Henningsen",
role = c("aut", "cre"),
email = "arne.henningsen@gmail.com")
as necessary.
Flavors: r-devel-linux-x86_64-debian-clang, r-devel-linux-x86_64-debian-gcc