Last updated on 2025-05-07 05:50:26 CEST.
Flavor | Version | Tinstall | Tcheck | Ttotal | Status | Flags |
---|---|---|---|---|---|---|
r-devel-linux-x86_64-debian-clang | 0.1.0 | 5.65 | 47.40 | 53.05 | NOTE | |
r-devel-linux-x86_64-debian-gcc | 0.1.0 | 4.80 | 35.25 | 40.05 | NOTE | |
r-devel-linux-x86_64-fedora-clang | 0.1.0 | 92.83 | NOTE | |||
r-devel-linux-x86_64-fedora-gcc | 0.1.0 | 81.34 | NOTE | |||
r-devel-windows-x86_64 | 0.1.0 | 9.00 | 69.00 | 78.00 | OK | |
r-patched-linux-x86_64 | 0.1.0 | 8.10 | 44.84 | 52.94 | NOTE | |
r-release-linux-x86_64 | 0.1.0 | 6.68 | 44.86 | 51.54 | NOTE | |
r-release-macos-arm64 | 0.1.0 | 30.00 | OK | |||
r-release-macos-x86_64 | 0.1.0 | 56.00 | OK | |||
r-release-windows-x86_64 | 0.1.0 | 8.00 | 70.00 | 78.00 | OK | |
r-oldrel-macos-arm64 | 0.1.0 | 32.00 | OK | |||
r-oldrel-macos-x86_64 | 0.1.0 | 47.00 | OK | |||
r-oldrel-windows-x86_64 | 0.1.0 | 7.00 | 81.00 | 88.00 | OK |
Version: 0.1.0
Check: for non-standard things in the check directory
Result: NOTE
Found the following files/directories:
‘figure01ceg.pdf’ ‘figure02ceg.pdf’ ‘staged.tree.graph.pdf’
‘stratified-event-tree-plot.pdf’
Flavors: r-devel-linux-x86_64-debian-clang, r-devel-linux-x86_64-debian-gcc, r-devel-linux-x86_64-fedora-clang, r-devel-linux-x86_64-fedora-gcc, r-patched-linux-x86_64, r-release-linux-x86_64