Last updated on 2025-05-07 05:50:25 CEST.
Flavor | Version | Tinstall | Tcheck | Ttotal | Status | Flags |
---|---|---|---|---|---|---|
r-devel-linux-x86_64-debian-clang | 1.1.1.1 | 3.05 | 45.96 | 49.01 | NOTE | |
r-devel-linux-x86_64-debian-gcc | 1.1.1.1 | 2.36 | 36.20 | 38.56 | NOTE | |
r-devel-linux-x86_64-fedora-clang | 1.1.1.1 | 79.23 | OK | |||
r-devel-linux-x86_64-fedora-gcc | 1.1.1.1 | 74.52 | OK | |||
r-devel-windows-x86_64 | 1.1.1.1 | 4.00 | 100.00 | 104.00 | OK | |
r-patched-linux-x86_64 | 1.1.1.1 | 3.09 | 44.00 | 47.09 | OK | |
r-release-linux-x86_64 | 1.1.1.1 | 3.06 | 44.38 | 47.44 | OK | |
r-release-macos-arm64 | 1.1.1.1 | 82.00 | OK | |||
r-release-macos-x86_64 | 1.1.1.1 | 103.00 | OK | |||
r-release-windows-x86_64 | 1.1.1.1 | 4.00 | 88.00 | 92.00 | OK | |
r-oldrel-macos-arm64 | 1.1.1.1 | 43.00 | OK | |||
r-oldrel-macos-x86_64 | 1.1.1.1 | 67.00 | OK | |||
r-oldrel-windows-x86_64 | 1.1.1.1 | 5.00 | 110.00 | 115.00 | OK |
Version: 1.1.1.1
Check: CRAN incoming feasibility
Result: NOTE
Maintainer: ‘Gokmen Altay <altayscience@gmail.com>’
No Authors@R field in DESCRIPTION.
Please add one, modifying
Authors@R: c(person(given = "Gokmen",
family = "Altay",
role = c("aut", "cre"),
email = "altayscience@gmail.com"),
person(given = "Frank",
family = "Emmert-Streib",
role = "aut"))
as necessary.
Package CITATION file contains call(s) to old-style citEntry(). Please
use bibentry() instead.
Flavors: r-devel-linux-x86_64-debian-clang, r-devel-linux-x86_64-debian-gcc