CRAN Package Check Results for Package braggR

Last updated on 2025-10-12 05:49:50 CEST.

Flavor Version Tinstall Tcheck Ttotal Status Flags
r-devel-linux-x86_64-debian-clang 0.1.1 11.49 35.96 47.45 NOTE
r-devel-linux-x86_64-debian-gcc 0.1.1 7.03 25.21 32.24 NOTE
r-devel-linux-x86_64-fedora-clang 0.1.1 68.53 OK
r-devel-linux-x86_64-fedora-gcc 0.1.1 63.01 OK
r-devel-windows-x86_64 0.1.1 13.00 64.00 77.00 OK
r-patched-linux-x86_64 0.1.1 10.22 28.78 39.00 OK
r-release-linux-x86_64 0.1.1 9.93 28.89 38.82 OK
r-release-macos-arm64 0.1.1 24.00 OK
r-release-macos-x86_64 0.1.1 57.00 OK
r-release-windows-x86_64 0.1.1 13.00 65.00 78.00 OK
r-oldrel-macos-arm64 0.1.1 28.00 OK
r-oldrel-macos-x86_64 0.1.1 37.00 OK
r-oldrel-windows-x86_64 0.1.1 15.00 78.00 93.00 OK

Check Details

Version: 0.1.1
Check: CRAN incoming feasibility
Result: NOTE Maintainer: ‘Ville Satopää <ville.satopaa@gmail.com>’ Package CITATION file contains call(s) to old-style personList() or as.personList(). Please use c() on person objects instead. Package CITATION file contains call(s) to old-style citEntry(). Please use bibentry() instead. Flavors: r-devel-linux-x86_64-debian-clang, r-devel-linux-x86_64-debian-gcc