Last updated on 2025-05-08 05:51:44 CEST.
Flavor | Version | Tinstall | Tcheck | Ttotal | Status | Flags |
---|---|---|---|---|---|---|
r-devel-linux-x86_64-debian-clang | 1.4.2 | 10.65 | 105.76 | 116.41 | NOTE | |
r-devel-linux-x86_64-debian-gcc | 1.4.2 | 7.43 | 75.10 | 82.53 | NOTE | |
r-devel-linux-x86_64-fedora-clang | 1.4.2 | 177.92 | OK | |||
r-devel-linux-x86_64-fedora-gcc | 1.4.2 | 190.04 | OK | |||
r-devel-windows-x86_64 | 1.4.2 | 13.00 | 120.00 | 133.00 | OK | |
r-patched-linux-x86_64 | 1.4.2 | 10.65 | 99.28 | 109.93 | OK | |
r-release-linux-x86_64 | 1.4.2 | 10.99 | 99.54 | 110.53 | OK | |
r-release-macos-arm64 | 1.4.2 | 94.00 | OK | |||
r-release-macos-x86_64 | 1.4.2 | 151.00 | OK | |||
r-release-windows-x86_64 | 1.4.2 | 13.00 | 121.00 | 134.00 | OK | |
r-oldrel-macos-arm64 | 1.4.2 | 60.00 | OK | |||
r-oldrel-macos-x86_64 | 1.4.2 | 83.00 | OK | |||
r-oldrel-windows-x86_64 | 1.4.2 | 18.00 | 145.00 | 163.00 | OK |
Version: 1.4.2
Check: CRAN incoming feasibility
Result: NOTE
Maintainer: ‘Michael P. Fay <mfay@niaid.nih.gov>’
No Authors@R field in DESCRIPTION.
Please add one, modifying
Authors@R: c(person(given = c("Michael", "P."),
family = "Fay",
role = c("aut", "cre"),
email = "mfay@niaid.nih.gov"),
person(given = "Allyson",
family = "Mateja",
role = "ctb"))
as necessary.
Package CITATION file contains call(s) to old-style personList() or
as.personList(). Please use c() on person objects instead.
Package CITATION file contains call(s) to old-style citEntry(). Please
use bibentry() instead.
Flavors: r-devel-linux-x86_64-debian-clang, r-devel-linux-x86_64-debian-gcc