Last updated on 2025-05-08 05:51:44 CEST.
Flavor | Version | Tinstall | Tcheck | Ttotal | Status | Flags |
---|---|---|---|---|---|---|
r-devel-linux-x86_64-debian-clang | 1.0.7 | 34.98 | 23.63 | 58.61 | OK | |
r-devel-linux-x86_64-debian-gcc | 1.0.7 | 27.29 | 19.49 | 46.78 | OK | |
r-devel-linux-x86_64-fedora-clang | 1.0.7 | 103.28 | OK | |||
r-devel-linux-x86_64-fedora-gcc | 1.0.7 | 120.38 | OK | |||
r-devel-windows-x86_64 | 1.0.7 | 37.00 | 60.00 | 97.00 | OK | |
r-patched-linux-x86_64 | 1.0.7 | 38.52 | 21.18 | 59.70 | OK | |
r-release-linux-x86_64 | 1.0.7 | 38.05 | 21.16 | 59.21 | OK | |
r-release-macos-arm64 | 1.0.7 | 36.00 | OK | |||
r-release-macos-x86_64 | 1.0.7 | 54.00 | OK | |||
r-release-windows-x86_64 | 1.0.7 | 40.00 | 68.00 | 108.00 | OK | |
r-oldrel-macos-arm64 | 1.0.7 | 35.00 | NOTE | |||
r-oldrel-macos-x86_64 | 1.0.7 | 40.00 | NOTE | |||
r-oldrel-windows-x86_64 | 1.0.7 | 38.00 | 74.00 | 112.00 | OK |
Version: 1.0.7
Check: installed package size
Result: NOTE
installed size is 6.6Mb
sub-directories of 1Mb or more:
libs 6.5Mb
Flavors: r-oldrel-macos-arm64, r-oldrel-macos-x86_64