Last updated on 2025-05-08 05:51:44 CEST.
Flavor | Version | Tinstall | Tcheck | Ttotal | Status | Flags |
---|---|---|---|---|---|---|
r-devel-linux-x86_64-debian-clang | 1.0.4 | 5.00 | 36.86 | 41.86 | NOTE | |
r-devel-linux-x86_64-debian-gcc | 1.0.4 | 3.42 | 28.30 | 31.72 | NOTE | |
r-devel-linux-x86_64-fedora-clang | 1.0.4 | 70.39 | OK | |||
r-devel-linux-x86_64-fedora-gcc | 1.0.4 | 79.34 | OK | |||
r-devel-windows-x86_64 | 1.0.4 | 7.00 | 64.00 | 71.00 | OK | |
r-patched-linux-x86_64 | 1.0.4 | 4.28 | 35.52 | 39.80 | OK | |
r-release-linux-x86_64 | 1.0.4 | 5.31 | 35.29 | 40.60 | OK | |
r-release-macos-arm64 | 1.0.4 | 53.00 | OK | |||
r-release-macos-x86_64 | 1.0.4 | 53.00 | OK | |||
r-release-windows-x86_64 | 1.0.4 | 5.00 | 66.00 | 71.00 | OK | |
r-oldrel-macos-arm64 | 1.0.4 | 27.00 | OK | |||
r-oldrel-macos-x86_64 | 1.0.4 | 47.00 | OK | |||
r-oldrel-windows-x86_64 | 1.0.4 | 7.00 | 71.00 | 78.00 | OK |
Version: 1.0.4
Check: CRAN incoming feasibility
Result: NOTE
Maintainer: ‘Michael P. Fay <mfay@niaid.nih.gov>’
No Authors@R field in DESCRIPTION.
Please add one, modifying
Authors@R: c(person(given = "Jenn",
family = "Kirk",
role = "aut"),
person(given = c("Michael", "P."),
family = "Fay",
role = c("aut", "cre"),
email = "mfay@niaid.nih.gov"))
as necessary.
Flavors: r-devel-linux-x86_64-debian-clang, r-devel-linux-x86_64-debian-gcc