CRAN Package Check Results for Package bennu

Last updated on 2025-05-07 05:50:25 CEST.

Flavor Version Tinstall Tcheck Ttotal Status Flags
r-devel-linux-x86_64-debian-clang 0.3.0 138.29 179.44 317.73 NOTE
r-devel-linux-x86_64-debian-gcc 0.3.0 123.91 137.31 261.22 NOTE
r-devel-linux-x86_64-fedora-clang 0.3.0 526.85 OK
r-devel-linux-x86_64-fedora-gcc 0.3.0 612.92 OK
r-devel-windows-x86_64 0.3.0 156.00 218.00 374.00 NOTE
r-patched-linux-x86_64 0.3.0 157.58 183.02 340.60 NOTE
r-release-linux-x86_64 0.3.0 157.83 182.93 340.76 NOTE
r-release-macos-arm64 0.3.0 125.00 OK
r-release-macos-x86_64 0.3.0 329.00 OK
r-release-windows-x86_64 0.3.0 149.00 214.00 363.00 NOTE
r-oldrel-macos-arm64 0.3.0 72.00 NOTE
r-oldrel-macos-x86_64 0.3.0 138.00 NOTE
r-oldrel-windows-x86_64 0.3.0 173.00 276.00 449.00 NOTE

Check Details

Version: 0.3.0
Check: Rd cross-references
Result: NOTE Found the following Rd file(s) with Rd \link{} targets missing package anchors: generate_model_data.Rd: tibble kit_summary_table.Rd: stanfit plot_kit_use.Rd: stanfit, ggplot2 Please provide package anchors for all Rd \link{} targets not in the package itself and the base packages. Flavors: r-devel-linux-x86_64-debian-clang, r-devel-linux-x86_64-debian-gcc, r-devel-windows-x86_64, r-patched-linux-x86_64, r-release-linux-x86_64, r-release-windows-x86_64

Version: 0.3.0
Check: installed package size
Result: NOTE installed size is 43.3Mb sub-directories of 1Mb or more: libs 42.7Mb Flavors: r-oldrel-macos-arm64, r-oldrel-macos-x86_64

Version: 0.3.0
Check: for GNU extensions in Makefiles
Result: NOTE GNU make is a SystemRequirements. Flavors: r-oldrel-macos-arm64, r-oldrel-macos-x86_64, r-oldrel-windows-x86_64