Last updated on 2025-05-08 05:51:43 CEST.
Flavor | Version | Tinstall | Tcheck | Ttotal | Status | Flags |
---|---|---|---|---|---|---|
r-devel-linux-x86_64-debian-clang | 3.7.4 | 39.59 | 37.46 | 77.05 | NOTE | |
r-devel-linux-x86_64-debian-gcc | 3.7.4 | 29.70 | 28.94 | 58.64 | NOTE | |
r-devel-linux-x86_64-fedora-clang | 3.7.4 | 145.37 | OK | |||
r-devel-linux-x86_64-fedora-gcc | 3.7.4 | 149.26 | OK | |||
r-devel-windows-x86_64 | 3.7.4 | 45.00 | 76.00 | 121.00 | OK | |
r-patched-linux-x86_64 | 3.7.4 | 43.63 | 35.62 | 79.25 | OK | |
r-release-linux-x86_64 | 3.7.4 | 38.68 | 35.91 | 74.59 | OK | |
r-release-macos-arm64 | 3.7.4 | 36.00 | OK | |||
r-release-macos-x86_64 | 3.7.4 | 53.00 | OK | |||
r-release-windows-x86_64 | 3.7.4 | 44.00 | 80.00 | 124.00 | OK | |
r-oldrel-macos-arm64 | 3.7.4 | 38.00 | OK | |||
r-oldrel-macos-x86_64 | 3.7.4 | 45.00 | OK | |||
r-oldrel-windows-x86_64 | 3.7.4 | 45.00 | 88.00 | 133.00 | OK |
Version: 3.7.4
Check: CRAN incoming feasibility
Result: NOTE
Maintainer: ‘Qihuang Zhang <qihuang.zhang@uwaterloo.ca>’
No Authors@R field in DESCRIPTION.
Please add one, modifying
Authors@R: c(person(given = "Qihuang",
family = "Zhang",
role = c("aut", "cre"),
email = "qihuang.zhang@uwaterloo.ca"),
person(given = c("Grace", "Y."),
family = "Yi",
role = "aut",
email = "yyi@uwaterloo.ca"))
as necessary.
Flavors: r-devel-linux-x86_64-debian-clang, r-devel-linux-x86_64-debian-gcc