Last updated on 2025-05-08 05:51:43 CEST.
Flavor | Version | Tinstall | Tcheck | Ttotal | Status | Flags |
---|---|---|---|---|---|---|
r-devel-linux-x86_64-debian-clang | 2.0 | 2.20 | 25.59 | 27.79 | NOTE | |
r-devel-linux-x86_64-debian-gcc | 2.0 | 1.78 | 18.87 | 20.65 | NOTE | |
r-devel-linux-x86_64-fedora-clang | 2.0 | 41.55 | OK | |||
r-devel-linux-x86_64-fedora-gcc | 2.0 | 40.69 | OK | |||
r-devel-windows-x86_64 | 2.0 | 3.00 | 53.00 | 56.00 | OK | |
r-patched-linux-x86_64 | 2.0 | 2.26 | 24.19 | 26.45 | OK | |
r-release-linux-x86_64 | 2.0 | 2.25 | 24.35 | 26.60 | OK | |
r-release-macos-arm64 | 2.0 | 16.00 | OK | |||
r-release-macos-x86_64 | 2.0 | 33.00 | OK | |||
r-release-windows-x86_64 | 2.0 | 3.00 | 53.00 | 56.00 | OK | |
r-oldrel-macos-arm64 | 2.0 | 26.00 | OK | |||
r-oldrel-macos-x86_64 | 2.0 | 48.00 | OK | |||
r-oldrel-windows-x86_64 | 2.0 | 3.00 | 56.00 | 59.00 | OK |
Version: 2.0
Check: CRAN incoming feasibility
Result: NOTE
Maintainer: ‘Bikram Karmakar <bkarmakar@ufl.edu>’
No Authors@R field in DESCRIPTION.
Please add one, modifying
Authors@R: person(given = "Bikram",
family = "Karmakar",
role = c("aut", "cre"),
email = "bkarmakar@ufl.edu")
as necessary.
Flavors: r-devel-linux-x86_64-debian-clang, r-devel-linux-x86_64-debian-gcc