Last updated on 2025-10-11 05:50:02 CEST.
Flavor | Version | Tinstall | Tcheck | Ttotal | Status | Flags |
---|---|---|---|---|---|---|
r-devel-linux-x86_64-debian-clang | 1.3.2 | 5.91 | 45.80 | 51.71 | NOTE | |
r-devel-linux-x86_64-debian-gcc | 1.3.2 | 4.52 | 37.34 | 41.86 | NOTE | |
r-devel-linux-x86_64-fedora-clang | 1.3.3 | 83.93 | OK | |||
r-devel-linux-x86_64-fedora-gcc | 1.3.3 | 80.08 | OK | |||
r-devel-windows-x86_64 | 1.3.3 | 15.00 | 79.00 | 94.00 | OK | |
r-patched-linux-x86_64 | 1.3.2 | 6.00 | 43.45 | 49.45 | NOTE | |
r-release-linux-x86_64 | 1.3.2 | 6.14 | 43.71 | 49.85 | NOTE | |
r-release-macos-arm64 | 1.3.3 | 27.00 | OK | |||
r-release-macos-x86_64 | 1.3.3 | 51.00 | OK | |||
r-release-windows-x86_64 | 1.3.2 | 12.00 | 63.00 | 75.00 | NOTE | |
r-oldrel-macos-arm64 | 1.3.3 | 31.00 | OK | |||
r-oldrel-macos-x86_64 | 1.3.3 | 99.00 | OK | |||
r-oldrel-windows-x86_64 | 1.3.2 | 14.00 | 75.00 | 89.00 | OK |
Version: 1.3.2
Check: CRAN incoming feasibility
Result: NOTE
Maintainer: ‘Beatriz Pateiro-Lopez <beatriz.pateiro@usc.es>’
No Authors@R field in DESCRIPTION.
Please add one, modifying
Authors@R: c(person(given = "Thomas",
family = "Lafarge",
role = "aut"),
person(given = "Beatriz",
family = "Pateiro-Lopez",
role = c("aut", "cre"),
email = "beatriz.pateiro@usc.es"))
as necessary.
Flavors: r-devel-linux-x86_64-debian-clang, r-devel-linux-x86_64-debian-gcc
Version: 1.3.2
Check: Rd cross-references
Result: NOTE
Found the following Rd file(s) with Rd \link{} targets missing package
anchors:
plot.ashape3d.Rd: rgl, material3d
surfaceNormals.Rd: material3d
Please provide package anchors for all Rd \link{} targets not in the
package itself and the base packages.
Flavors: r-devel-linux-x86_64-debian-clang, r-devel-linux-x86_64-debian-gcc, r-patched-linux-x86_64, r-release-linux-x86_64, r-release-windows-x86_64