CRAN Package Check Results for Package adventr

Last updated on 2025-05-07 05:50:24 CEST.

Flavor Version Tinstall Tcheck Ttotal Status Flags
r-devel-linux-x86_64-debian-clang 0.1.8 4.46 35.82 40.28 OK
r-devel-linux-x86_64-debian-gcc 0.1.8 3.21 28.04 31.25 OK
r-devel-linux-x86_64-fedora-clang 0.1.8 67.95 NOTE
r-devel-linux-x86_64-fedora-gcc 0.1.8 73.72 NOTE
r-devel-windows-x86_64 0.1.8 8.00 59.00 67.00 OK
r-patched-linux-x86_64 0.1.8 4.87 34.59 39.46 OK
r-release-linux-x86_64 0.1.8 4.23 34.74 38.97 OK
r-release-macos-arm64 0.1.8 35.00 OK
r-release-macos-x86_64 0.1.8 47.00 OK
r-release-windows-x86_64 0.1.8 8.00 58.00 66.00 OK
r-oldrel-macos-arm64 0.1.8 30.00 NOTE
r-oldrel-macos-x86_64 0.1.8 41.00 NOTE
r-oldrel-windows-x86_64 0.1.8 10.00 68.00 78.00 NOTE

Check Details

Version: 0.1.8
Check: dependencies in R code
Result: NOTE Namespaces in Imports field not imported from: ‘BayesFactor’ ‘GGally’ ‘Hmisc’ ‘WRS2’ ‘boot’ ‘car’ ‘dplyr’ ‘effects’ ‘effsize’ ‘forcats’ ‘ggplot2’ ‘lm.beta’ ‘nlme’ ‘readr’ ‘robust’ ‘sandwich’ ‘sjstats’ ‘tidyr’ All declared Imports should be used. Flavors: r-devel-linux-x86_64-fedora-clang, r-devel-linux-x86_64-fedora-gcc

Version: 0.1.8
Check: installed package size
Result: NOTE installed size is 5.7Mb sub-directories of 1Mb or more: tutorials 5.5Mb Flavors: r-oldrel-macos-arm64, r-oldrel-macos-x86_64, r-oldrel-windows-x86_64