Last updated on 2025-05-08 05:51:42 CEST.
Flavor | Version | Tinstall | Tcheck | Ttotal | Status | Flags |
---|---|---|---|---|---|---|
r-devel-linux-x86_64-debian-clang | 3.3-5 | 20.13 | 193.98 | 214.11 | NOTE | |
r-devel-linux-x86_64-debian-gcc | 3.3-5 | 17.56 | 142.24 | 159.80 | NOTE | |
r-devel-linux-x86_64-fedora-clang | 3.3-5 | 340.12 | NOTE | |||
r-devel-linux-x86_64-fedora-gcc | 3.3-5 | 366.38 | NOTE | |||
r-devel-windows-x86_64 | 3.3-5 | 50.00 | 486.00 | 536.00 | NOTE | |
r-patched-linux-x86_64 | 3.3-5 | 25.03 | 187.53 | 212.56 | NOTE | |
r-release-linux-x86_64 | 3.3-5 | 20.72 | 186.12 | 206.84 | NOTE | |
r-release-macos-arm64 | 3.3-5 | 134.00 | NOTE | |||
r-release-macos-x86_64 | 3.3-5 | 260.00 | NOTE | |||
r-release-windows-x86_64 | 3.3-5 | 45.00 | 508.00 | 553.00 | NOTE | |
r-oldrel-macos-arm64 | 3.3-5 | 127.00 | OK | |||
r-oldrel-macos-x86_64 | 3.3-5 | 287.00 | OK | |||
r-oldrel-windows-x86_64 | 3.3-5 | 48.00 | 478.00 | 526.00 | OK |
Version: 3.3-5
Check: compiled code
Result: NOTE
File ‘actuar/libs/actuar.so’:
Found non-API call to R: ‘OBJECT’
Compiled code should not call non-API entry points in R.
See ‘Writing portable packages’ in the ‘Writing R Extensions’ manual,
and section ‘Moving into C API compliance’ for issues with the use of
non-API entry points.
Flavors: r-devel-linux-x86_64-debian-clang, r-devel-linux-x86_64-debian-gcc, r-devel-linux-x86_64-fedora-clang, r-devel-linux-x86_64-fedora-gcc, r-patched-linux-x86_64, r-release-linux-x86_64, r-release-macos-arm64, r-release-macos-x86_64
Version: 3.3-5
Check: compiled code
Result: NOTE
File 'actuar/libs/x64/actuar.dll':
Found non-API call to R: 'OBJECT'
Compiled code should not call non-API entry points in R.
See 'Writing portable packages' in the 'Writing R Extensions' manual,
and section 'Moving into C API compliance' for issues with the use of
non-API entry points.
Flavors: r-devel-windows-x86_64, r-release-windows-x86_64