Last updated on 2025-05-07 05:50:23 CEST.
Flavor | Version | Tinstall | Tcheck | Ttotal | Status | Flags |
---|---|---|---|---|---|---|
r-devel-linux-x86_64-debian-clang | 1.1.7 | 13.98 | 108.76 | 122.74 | NOTE | |
r-devel-linux-x86_64-debian-gcc | 1.1.7 | 11.19 | 76.30 | 87.49 | NOTE | |
r-devel-linux-x86_64-fedora-clang | 1.1.7 | 188.40 | OK | |||
r-devel-linux-x86_64-fedora-gcc | 1.1.7 | 193.51 | OK | |||
r-devel-windows-x86_64 | 1.1.7 | 17.00 | 124.00 | 141.00 | NOTE | |
r-patched-linux-x86_64 | 1.1.7 | 14.74 | 104.11 | 118.85 | NOTE | |
r-release-linux-x86_64 | 1.1.7 | 14.59 | 104.65 | 119.24 | NOTE | |
r-release-macos-arm64 | 1.1.7 | 56.00 | OK | |||
r-release-macos-x86_64 | 1.1.7 | 101.00 | OK | |||
r-release-windows-x86_64 | 1.1.7 | 17.00 | 122.00 | 139.00 | NOTE | |
r-oldrel-macos-arm64 | 1.1.7 | 55.00 | OK | |||
r-oldrel-macos-x86_64 | 1.1.7 | 84.00 | OK | |||
r-oldrel-windows-x86_64 | 1.1.7 | 24.00 | 154.00 | 178.00 | OK |
Version: 1.1.7
Check: Rd cross-references
Result: NOTE
Found the following Rd file(s) with Rd \link{} targets missing package
anchors:
abctools-package.Rd: abc
cov.pi.Rd: abc, postpr
Please provide package anchors for all Rd \link{} targets not in the
package itself and the base packages.
Flavors: r-devel-linux-x86_64-debian-clang, r-devel-linux-x86_64-debian-gcc, r-devel-windows-x86_64, r-patched-linux-x86_64, r-release-linux-x86_64, r-release-windows-x86_64