Last updated on 2025-05-08 05:52:06 CEST.
Flavor | Version | Tinstall | Tcheck | Ttotal | Status | Flags |
---|---|---|---|---|---|---|
r-devel-linux-x86_64-debian-clang | 4.0.4 | 1.39 | 16.24 | 17.63 | NOTE | |
r-devel-linux-x86_64-debian-gcc | 4.0.4 | 1.12 | 13.21 | 14.33 | NOTE | |
r-devel-linux-x86_64-fedora-clang | 4.0.4 | 27.79 | NOTE | |||
r-devel-linux-x86_64-fedora-gcc | 4.0.4 | 26.32 | NOTE | |||
r-devel-windows-x86_64 | 4.0.4 | 2.00 | 37.00 | 39.00 | OK | |
r-patched-linux-x86_64 | 4.0.4 | 1.43 | 15.31 | 16.74 | OK | |
r-release-linux-x86_64 | 4.0.4 | 1.27 | 15.30 | 16.57 | OK | |
r-release-macos-arm64 | 4.0.4 | 13.00 | OK | |||
r-release-macos-x86_64 | 4.0.4 | 22.00 | OK | |||
r-release-windows-x86_64 | 4.0.4 | 3.00 | 39.00 | 42.00 | OK | |
r-oldrel-macos-arm64 | 4.0.4 | 15.00 | OK | |||
r-oldrel-macos-x86_64 | 4.0.4 | 20.00 | OK | |||
r-oldrel-windows-x86_64 | 4.0.4 | 3.00 | 39.00 | 42.00 | OK |
Version: 4.0.4
Check: CRAN incoming feasibility
Result: NOTE
Maintainer: ‘Somjit Roy <somjit.roy2001@gmail.com>’
No Authors@R field in DESCRIPTION.
Please add one, modifying
Authors@R: person(given = "Somjit",
family = "Roy",
role = c("aut", "cre"),
email = "somjit.roy2001@gmail.com")
as necessary.
Flavors: r-devel-linux-x86_64-debian-clang, r-devel-linux-x86_64-debian-gcc
Version: 4.0.4
Check: dependencies in R code
Result: NOTE
Namespace in Imports field not imported from: ‘lubridate’
All declared Imports should be used.
Flavors: r-devel-linux-x86_64-fedora-clang, r-devel-linux-x86_64-fedora-gcc