CRAN Package Check Results for Package YPBP

Last updated on 2025-07-16 05:49:40 CEST.

Flavor Version Tinstall Tcheck Ttotal Status Flags
r-devel-linux-x86_64-debian-clang 0.0.1 238.67 161.70 400.37 NOTE
r-devel-linux-x86_64-debian-gcc 0.0.1 229.68 132.96 362.64 NOTE
r-devel-linux-x86_64-fedora-clang 0.0.1 619.00 NOTE
r-devel-linux-x86_64-fedora-gcc 0.0.1 770.91 NOTE
r-devel-windows-x86_64 0.0.1 260.00 195.00 455.00 OK
r-patched-linux-x86_64 0.0.1 279.49 180.39 459.88 OK
r-release-linux-x86_64 0.0.1 272.37 177.51 449.88 OK
r-release-macos-arm64 0.0.1 158.00 OK
r-release-macos-x86_64 0.0.1 293.00 OK
r-release-windows-x86_64 0.0.1 263.00 203.00 466.00 OK
r-oldrel-macos-arm64 0.0.1 161.00 NOTE
r-oldrel-macos-x86_64 0.0.1 222.00 NOTE
r-oldrel-windows-x86_64 0.0.1 292.00 249.00 541.00 NOTE

Check Details

Version: 0.0.1
Check: CRAN incoming feasibility
Result: NOTE Maintainer: ‘Fabio Demarqui <fndemarqui@est.ufmg.br>’ The Description field contains et al. (2019) <arXiv:1910.04475>. Model fitting can be carried out via Please refer to arXiv e-prints via their arXiv DOI <doi:10.48550/arXiv.YYMM.NNNNN>. Flavors: r-devel-linux-x86_64-debian-clang, r-devel-linux-x86_64-debian-gcc

Version: 0.0.1
Check: dependencies in R code
Result: NOTE Namespace in Imports field not imported from: ‘rstantools’ All declared Imports should be used. Flavors: r-devel-linux-x86_64-fedora-clang, r-devel-linux-x86_64-fedora-gcc

Version: 0.0.1
Check: installed package size
Result: NOTE installed size is 56.0Mb sub-directories of 1Mb or more: libs 55.7Mb Flavors: r-oldrel-macos-arm64, r-oldrel-macos-x86_64

Version: 0.0.1
Check: for GNU extensions in Makefiles
Result: NOTE GNU make is a SystemRequirements. Flavors: r-oldrel-macos-arm64, r-oldrel-macos-x86_64, r-oldrel-windows-x86_64