CRAN Package Check Results for Package XKCDdata

Last updated on 2025-05-07 05:50:47 CEST.

Flavor Version Tinstall Tcheck Ttotal Status Flags
r-devel-linux-x86_64-debian-clang 0.1.0 3.82 33.89 37.71 OK
r-devel-linux-x86_64-debian-gcc 0.1.0 2.70 25.36 28.06 OK
r-devel-linux-x86_64-fedora-clang 0.1.0 57.25 NOTE
r-devel-linux-x86_64-fedora-gcc 0.1.0 54.44 NOTE
r-devel-windows-x86_64 0.1.0 6.00 58.00 64.00 OK
r-patched-linux-x86_64 0.1.0 3.46 31.34 34.80 OK
r-release-linux-x86_64 0.1.0 3.39 31.38 34.77 OK
r-release-macos-arm64 0.1.0 23.00 OK
r-release-macos-x86_64 0.1.0 42.00 OK
r-release-windows-x86_64 0.1.0 6.00 52.00 58.00 OK
r-oldrel-macos-arm64 0.1.0 23.00 NOTE
r-oldrel-macos-x86_64 0.1.0 32.00 NOTE
r-oldrel-windows-x86_64 0.1.0 7.00 61.00 68.00 NOTE

Check Details

Version: 0.1.0
Check: dependencies in R code
Result: NOTE Namespace in Imports field not imported from: ‘tibble’ All declared Imports should be used. Flavors: r-devel-linux-x86_64-fedora-clang, r-devel-linux-x86_64-fedora-gcc

Version: 0.1.0
Check: LazyData
Result: NOTE 'LazyData' is specified without a 'data' directory Flavors: r-oldrel-macos-arm64, r-oldrel-macos-x86_64, r-oldrel-windows-x86_64