Last updated on 2025-05-08 05:52:05 CEST.
Flavor | Version | Tinstall | Tcheck | Ttotal | Status | Flags |
---|---|---|---|---|---|---|
r-devel-linux-x86_64-debian-clang | 1.0 | 17.26 | 44.95 | 62.21 | NOTE | |
r-devel-linux-x86_64-debian-gcc | 1.0 | 13.12 | 33.73 | 46.85 | NOTE | |
r-devel-linux-x86_64-fedora-clang | 1.0 | 98.52 | OK | |||
r-devel-linux-x86_64-fedora-gcc | 1.0 | 101.47 | OK | |||
r-devel-windows-x86_64 | 1.0 | 21.00 | 76.00 | 97.00 | OK | |
r-patched-linux-x86_64 | 1.0 | 16.78 | 42.04 | 58.82 | OK | |
r-release-linux-x86_64 | 1.0 | 18.38 | 42.38 | 60.76 | OK | |
r-release-macos-arm64 | 1.0 | 32.00 | OK | |||
r-release-macos-x86_64 | 1.0 | 53.00 | OK | |||
r-release-windows-x86_64 | 1.0 | 22.00 | 79.00 | 101.00 | OK | |
r-oldrel-macos-arm64 | 1.0 | 30.00 | OK | |||
r-oldrel-macos-x86_64 | 1.0 | 44.00 | OK | |||
r-oldrel-windows-x86_64 | 1.0 | 26.00 | 99.00 | 125.00 | OK |
Version: 1.0
Check: CRAN incoming feasibility
Result: NOTE
Maintainer: ‘Kevin Duarte <k.duarte@chru-nancy.fr>’
No Authors@R field in DESCRIPTION.
Please add one, modifying
Authors@R: c(person(given = "Kevin",
family = "Duarte",
role = c("aut", "cre"),
email = "k.duarte@chru-nancy.fr"),
person(given = c("Joao", "Pedro"),
family = "Ferreira",
role = "aut"))
as necessary.
Found the following URLs which should use \doi (with the DOI name only):
File ‘WinRatio-package.Rd’:
https://doi.org/10.1093/eurheartj/ehr352
https://doi.org/10.1093/biostatistics/kxv032
Flavors: r-devel-linux-x86_64-debian-clang, r-devel-linux-x86_64-debian-gcc