Last updated on 2025-05-08 05:52:05 CEST.
Flavor | Version | Tinstall | Tcheck | Ttotal | Status | Flags |
---|---|---|---|---|---|---|
r-devel-linux-x86_64-debian-clang | 1.0.0 | 3.74 | 81.95 | 85.69 | OK | |
r-devel-linux-x86_64-debian-gcc | 1.0.0 | 2.36 | 63.76 | 66.12 | OK | |
r-devel-linux-x86_64-fedora-clang | 1.0.0 | 121.51 | OK | |||
r-devel-linux-x86_64-fedora-gcc | 1.0.0 | 114.44 | OK | |||
r-devel-windows-x86_64 | 1.0.0 | 6.00 | 81.00 | 87.00 | OK | |
r-patched-linux-x86_64 | 1.0.0 | 3.71 | 67.21 | 70.92 | OK | |
r-release-linux-x86_64 | 1.0.0 | 2.89 | 66.73 | 69.62 | OK | |
r-release-macos-arm64 | 1.0.0 | 48.00 | OK | |||
r-release-macos-x86_64 | 1.0.0 | 57.00 | OK | |||
r-release-windows-x86_64 | 1.0.0 | 8.00 | 82.00 | 90.00 | OK | |
r-oldrel-macos-arm64 | 1.0.0 | 28.00 | NOTE | |||
r-oldrel-macos-x86_64 | 1.0.0 | 46.00 | NOTE | |||
r-oldrel-windows-x86_64 | 1.0.0 | 8.00 | 101.00 | 109.00 | NOTE |
Version: 1.0.0
Check: LazyData
Result: NOTE
'LazyData' is specified without a 'data' directory
Flavors: r-oldrel-macos-arm64, r-oldrel-macos-x86_64, r-oldrel-windows-x86_64