Last updated on 2025-05-08 05:52:05 CEST.
Flavor | Version | Tinstall | Tcheck | Ttotal | Status | Flags |
---|---|---|---|---|---|---|
r-devel-linux-x86_64-debian-clang | 1.0 | 53.30 | 26.87 | 80.17 | NOTE | |
r-devel-linux-x86_64-debian-gcc | 1.0 | 36.47 | 20.92 | 57.39 | NOTE | |
r-devel-linux-x86_64-fedora-clang | 1.0 | 172.66 | NOTE | |||
r-devel-linux-x86_64-fedora-gcc | 1.0 | 150.90 | NOTE | |||
r-devel-windows-x86_64 | 1.0 | 65.00 | 61.00 | 126.00 | NOTE | |
r-patched-linux-x86_64 | 1.0 | 49.59 | 25.19 | 74.78 | NOTE | |
r-release-linux-x86_64 | 1.0 | 47.14 | 25.81 | 72.95 | NOTE | |
r-release-macos-arm64 | 1.0 | 43.00 | NOTE | |||
r-release-macos-x86_64 | 1.0 | 53.00 | NOTE | |||
r-release-windows-x86_64 | 1.0 | 67.00 | 69.00 | 136.00 | NOTE | |
r-oldrel-macos-arm64 | 1.0 | 37.00 | NOTE | |||
r-oldrel-macos-x86_64 | 1.0 | 41.00 | NOTE | |||
r-oldrel-windows-x86_64 | 1.0 | 75.00 | 75.00 | 150.00 | NOTE |
Version: 1.0
Check: C++ specification
Result: NOTE
Specified C++11: please drop specification unless essential
Flavors: r-devel-linux-x86_64-debian-clang, r-devel-linux-x86_64-debian-gcc, r-devel-linux-x86_64-fedora-clang, r-devel-linux-x86_64-fedora-gcc, r-devel-windows-x86_64, r-patched-linux-x86_64, r-release-linux-x86_64, r-release-macos-arm64, r-release-macos-x86_64, r-release-windows-x86_64, r-oldrel-macos-arm64, r-oldrel-macos-x86_64, r-oldrel-windows-x86_64