Last updated on 2025-05-07 05:50:46 CEST.
Flavor | Version | Tinstall | Tcheck | Ttotal | Status | Flags |
---|---|---|---|---|---|---|
r-devel-linux-x86_64-debian-clang | 1.4.0 | 7.86 | 63.62 | 71.48 | OK | |
r-devel-linux-x86_64-debian-gcc | 1.4.0 | 5.53 | 45.97 | 51.50 | OK | |
r-devel-linux-x86_64-fedora-clang | 1.4.0 | 107.76 | OK | |||
r-devel-linux-x86_64-fedora-gcc | 1.4.0 | 243.35 | OK | |||
r-devel-windows-x86_64 | 1.4.0 | 9.00 | 75.00 | 84.00 | OK | |
r-patched-linux-x86_64 | 1.4.0 | 8.06 | 60.89 | 68.95 | OK | |
r-release-linux-x86_64 | 1.4.0 | 6.86 | 60.87 | 67.73 | OK | |
r-release-macos-arm64 | 1.4.0 | 83.00 | OK | |||
r-release-macos-x86_64 | 1.4.0 | 133.00 | OK | |||
r-release-windows-x86_64 | 1.4.0 | 9.00 | 72.00 | 81.00 | OK | |
r-oldrel-macos-arm64 | 1.4.0 | 64.00 | NOTE | |||
r-oldrel-macos-x86_64 | 1.4.0 | 95.00 | NOTE | |||
r-oldrel-windows-x86_64 | 1.4.0 | 12.00 | 90.00 | 102.00 | NOTE |
Version: 1.4.0
Check: installed package size
Result: NOTE
installed size is 8.1Mb
sub-directories of 1Mb or more:
doc 7.6Mb
Flavors: r-oldrel-macos-arm64, r-oldrel-macos-x86_64, r-oldrel-windows-x86_64
Version: 1.4.0
Check: LazyData
Result: NOTE
'LazyData' is specified without a 'data' directory
Flavors: r-oldrel-macos-arm64, r-oldrel-macos-x86_64, r-oldrel-windows-x86_64